{"id":128,"date":"2022-02-17T20:37:46","date_gmt":"2022-02-17T20:37:46","guid":{"rendered":"http:\/\/turismopalencia.digital\/?page_id=128"},"modified":"2022-04-04T19:42:20","modified_gmt":"2022-04-04T19:42:20","slug":"cristo-del-otero","status":"publish","type":"page","link":"https:\/\/turismopalencia.digital\/index.php\/cristo-del-otero\/","title":{"rendered":"Cristo del Otero"},"content":{"rendered":"\n<hr class=\"wp-block-separator\"\/>\n\n\n\n<figure class=\"wp-block-image size-large is-resized\"><img loading=\"lazy\" src=\"http:\/\/turismopalencia.digital\/wp-content\/uploads\/2022\/02\/CRISTO-DEL-OTERO-PALENCIA-1-1024x768.jpg\" alt=\"\" class=\"wp-image-397\" width=\"1239\" height=\"929\" srcset=\"https:\/\/turismopalencia.digital\/wp-content\/uploads\/2022\/02\/CRISTO-DEL-OTERO-PALENCIA-1-1024x768.jpg 1024w, https:\/\/turismopalencia.digital\/wp-content\/uploads\/2022\/02\/CRISTO-DEL-OTERO-PALENCIA-1-300x225.jpg 300w, https:\/\/turismopalencia.digital\/wp-content\/uploads\/2022\/02\/CRISTO-DEL-OTERO-PALENCIA-1-768x576.jpg 768w, https:\/\/turismopalencia.digital\/wp-content\/uploads\/2022\/02\/CRISTO-DEL-OTERO-PALENCIA-1-1536x1152.jpg 1536w, https:\/\/turismopalencia.digital\/wp-content\/uploads\/2022\/02\/CRISTO-DEL-OTERO-PALENCIA-1-13x10.jpg 13w, https:\/\/turismopalencia.digital\/wp-content\/uploads\/2022\/02\/CRISTO-DEL-OTERO-PALENCIA-1.jpg 1795w\" sizes=\"(max-width: 1239px) 100vw, 1239px\" \/><figcaption>Cristo del Otero<\/figcaption><\/figure>\n\n\n\n<hr class=\"wp-block-separator\"\/>\n\n\n\n<p><strong>El Cristo del Otero (llamado as\u00ed por los palentinos) parece estar en posici\u00f3n de bendecir a la ciudad. Fue construido en el a\u00f1o 1931 seg\u00fan el proyecto del escultor palentino Victorio Macho. Presenta un estilo que recuerda el Art D\u00e9co, con resonancias cubistas, y ecos del arte del Antiguo Egipto en la hier\u00e1tica postura de la figura.<\/strong><br><strong>&nbsp;&nbsp;&nbsp;&nbsp;&nbsp;Es una de las estatuas de Jesucristo m\u00e1s altas del mundo. A sus pies hay excavada una ermita (llamada ermita de santa Mar\u00eda del Otero) y un peque\u00f1o museo donde se encuentran los proyectos de su autor, responsable de grandes obras como el monumento a Benito P\u00e9rez Gald\u00f3s y a Ram\u00f3n y Cajal, ambos en el Parque de El Retiro en Madrid o la fuente en honor a Concha Espina, en Santander. No obstante, quiz\u00e1 su obra m\u00e1s significativa sea este Cristo de Palencia, y reflejo de ello es que por voluntad propia fuese enterrado a los pies del mismo.<\/strong><br><strong>&nbsp;&nbsp;&nbsp;&nbsp;&nbsp;En la entrada a la ermita hay una peque\u00f1a explanada y un mirador donde se puede tener una panor\u00e1mica de la ciudad. En el proyecto inicial se quer\u00edan incrustar en los ojos del Cristo unos bloques de marfil y m\u00e1rmol, pero el presupuesto era insuficiente, por lo que las cuencas vac\u00edas que hoy presenta pasaron a ser ventanas.<\/strong><br><strong>&nbsp;&nbsp;&nbsp;&nbsp;&nbsp;Su gran esbeltez y verticalidad pueden deberse a que est\u00e1 concebido para ser visto desde abajo. Tambi\u00e9n se puede interpretar que esta obra se conformar\u00eda como una columna vertical en contraste con la horizontalidad de los campos de Castilla, cubiertos de cereal y salpicados de chopos y robles.<\/strong><br><strong>&nbsp;&nbsp;&nbsp;&nbsp;&nbsp;Desde 2014 la escultura cuenta con un sistema de iluminaci\u00f3n inteligente, con una gran variedad de colores que pueden cambiar de manera instant\u00e1nea.<\/strong><\/p>\n\n\n\n<hr class=\"wp-block-separator\"\/>\n\n\n\n<figure class=\"wp-block-embed is-type-video is-provider-youtube wp-block-embed-youtube wp-embed-aspect-16-9 wp-has-aspect-ratio\"><div class=\"wp-block-embed__wrapper\">\n<iframe loading=\"lazy\" title=\"Sobrevolando el Cristo del Otero -Palencia\" width=\"1032\" height=\"581\" src=\"https:\/\/www.youtube.com\/embed\/LL41CB8j-JM?start=12&#038;feature=oembed\" frameborder=\"0\" allow=\"accelerometer; autoplay; clipboard-write; encrypted-media; gyroscope; picture-in-picture\" allowfullscreen><\/iframe>\n<\/div><\/figure>\n\n\n\n<hr class=\"wp-block-separator\"\/>\n\n\n\n<figure class=\"wp-block-gallery has-nested-images columns-default is-cropped\">\n<figure class=\"wp-block-image size-large\"><img loading=\"lazy\" width=\"1024\" height=\"576\" data-id=\"402\"  src=\"http:\/\/turismopalencia.digital\/wp-content\/uploads\/2022\/02\/foto_cristo_del_otero0-1024x576.jpg\" alt=\"\" class=\"wp-image-402\" srcset=\"https:\/\/turismopalencia.digital\/wp-content\/uploads\/2022\/02\/foto_cristo_del_otero0-1024x576.jpg 1024w, https:\/\/turismopalencia.digital\/wp-content\/uploads\/2022\/02\/foto_cristo_del_otero0-300x169.jpg 300w, https:\/\/turismopalencia.digital\/wp-content\/uploads\/2022\/02\/foto_cristo_del_otero0-768x432.jpg 768w, https:\/\/turismopalencia.digital\/wp-content\/uploads\/2022\/02\/foto_cristo_del_otero0-1536x864.jpg 1536w, https:\/\/turismopalencia.digital\/wp-content\/uploads\/2022\/02\/foto_cristo_del_otero0-18x10.jpg 18w, https:\/\/turismopalencia.digital\/wp-content\/uploads\/2022\/02\/foto_cristo_del_otero0.jpg 1920w\" sizes=\"(max-width: 1024px) 100vw, 1024px\" \/><\/figure>\n\n\n\n<figure class=\"wp-block-image size-large\"><img loading=\"lazy\" width=\"1024\" height=\"576\" data-id=\"399\"  src=\"http:\/\/turismopalencia.digital\/wp-content\/uploads\/2022\/02\/maxresdefault-1-1024x576.jpg\" alt=\"\" class=\"wp-image-399\" srcset=\"https:\/\/turismopalencia.digital\/wp-content\/uploads\/2022\/02\/maxresdefault-1-1024x576.jpg 1024w, https:\/\/turismopalencia.digital\/wp-content\/uploads\/2022\/02\/maxresdefault-1-300x169.jpg 300w, https:\/\/turismopalencia.digital\/wp-content\/uploads\/2022\/02\/maxresdefault-1-768x432.jpg 768w, https:\/\/turismopalencia.digital\/wp-content\/uploads\/2022\/02\/maxresdefault-1-18x10.jpg 18w, https:\/\/turismopalencia.digital\/wp-content\/uploads\/2022\/02\/maxresdefault-1.jpg 1280w\" sizes=\"(max-width: 1024px) 100vw, 1024px\" \/><\/figure>\n\n\n\n<figure class=\"wp-block-image size-large\"><img loading=\"lazy\" width=\"575\" height=\"323\" data-id=\"401\"  src=\"http:\/\/turismopalencia.digital\/wp-content\/uploads\/2022\/02\/NF0E2Q61-575x323-1.jpg\" alt=\"\" class=\"wp-image-401\" srcset=\"https:\/\/turismopalencia.digital\/wp-content\/uploads\/2022\/02\/NF0E2Q61-575x323-1.jpg 575w, https:\/\/turismopalencia.digital\/wp-content\/uploads\/2022\/02\/NF0E2Q61-575x323-1-300x169.jpg 300w, https:\/\/turismopalencia.digital\/wp-content\/uploads\/2022\/02\/NF0E2Q61-575x323-1-18x10.jpg 18w\" sizes=\"(max-width: 575px) 100vw, 575px\" \/><\/figure>\n<\/figure>\n\n\n\n<hr class=\"wp-block-separator\"\/>\n\n\n\n<p><a href=\"https:\/\/es.wikipedia.org\/wiki\/Cristo_del_Otero\" target=\"_blank\" rel=\"noreferrer noopener\">https:\/\/es.wikipedia.org\/wiki\/Cristo_del_Otero<\/a><\/p>\n\n\n\n<hr class=\"wp-block-separator\"\/>\n\n\n\n<div class=\"wp-container-1 wp-block-buttons\">\n<div class=\"wp-block-button\"><a class=\"wp-block-button__link\" href=\"https:\/\/www.google.com\/maps\/place\/Cristo+del+Otero\/@42.0281497,-4.5295195,15z\/data=!4m2!3m1!1s0x0:0x937d8461fac9a5f2?sa=X&amp;ved=2ahUKEwjU5qH7gon2AhUSKn0KHVkTBm0Q_BJ6BAglEAU\" target=\"_blank\" rel=\"noreferrer noopener\">C\u00f3mo llegar<\/a><\/div>\n<\/div>\n\n\n\n<hr class=\"wp-block-separator\"\/>\n\n\n\n<hr class=\"wp-block-separator\"\/>\n","protected":false},"excerpt":{"rendered":"<p>El Cristo del Otero (llamado as\u00ed por los palentinos) parece estar en posici\u00f3n de bendecir a la ciudad. Fue construido en el a\u00f1o 1931 seg\u00fan &hellip;<\/p>\n","protected":false},"author":1,"featured_media":1255,"parent":0,"menu_order":0,"comment_status":"closed","ping_status":"closed","template":"","meta":{"_monsterinsights_skip_tracking":false,"_monsterinsights_sitenote_active":false,"_monsterinsights_sitenote_note":"","_monsterinsights_sitenote_category":0},"_links":{"self":[{"href":"https:\/\/turismopalencia.digital\/index.php\/wp-json\/wp\/v2\/pages\/128"}],"collection":[{"href":"https:\/\/turismopalencia.digital\/index.php\/wp-json\/wp\/v2\/pages"}],"about":[{"href":"https:\/\/turismopalencia.digital\/index.php\/wp-json\/wp\/v2\/types\/page"}],"author":[{"embeddable":true,"href":"https:\/\/turismopalencia.digital\/index.php\/wp-json\/wp\/v2\/users\/1"}],"replies":[{"embeddable":true,"href":"https:\/\/turismopalencia.digital\/index.php\/wp-json\/wp\/v2\/comments?post=128"}],"version-history":[{"count":4,"href":"https:\/\/turismopalencia.digital\/index.php\/wp-json\/wp\/v2\/pages\/128\/revisions"}],"predecessor-version":[{"id":1256,"href":"https:\/\/turismopalencia.digital\/index.php\/wp-json\/wp\/v2\/pages\/128\/revisions\/1256"}],"wp:featuredmedia":[{"embeddable":true,"href":"https:\/\/turismopalencia.digital\/index.php\/wp-json\/wp\/v2\/media\/1255"}],"wp:attachment":[{"href":"https:\/\/turismopalencia.digital\/index.php\/wp-json\/wp\/v2\/media?parent=128"}],"curies":[{"name":"wp","href":"https:\/\/api.w.org\/{rel}","templated":true}]}}