{"id":129,"date":"2022-02-17T20:37:46","date_gmt":"2022-02-17T20:37:46","guid":{"rendered":"http:\/\/turismopalencia.digital\/?page_id=129"},"modified":"2022-04-04T19:44:16","modified_gmt":"2022-04-04T19:44:16","slug":"monasterio-de-la-piedad","status":"publish","type":"page","link":"https:\/\/turismopalencia.digital\/index.php\/monasterio-de-la-piedad\/","title":{"rendered":"Monasterio de la Piedad"},"content":{"rendered":"\n<hr class=\"wp-block-separator\"\/>\n\n\n\n<figure class=\"wp-block-image size-full is-resized\"><img loading=\"lazy\" src=\"http:\/\/turismopalencia.digital\/wp-content\/uploads\/2022\/02\/10439convento-dominicas-de-palencia-1.jpg\" alt=\"\" class=\"wp-image-406\" width=\"1238\" height=\"1008\" srcset=\"https:\/\/turismopalencia.digital\/wp-content\/uploads\/2022\/02\/10439convento-dominicas-de-palencia-1.jpg 500w, https:\/\/turismopalencia.digital\/wp-content\/uploads\/2022\/02\/10439convento-dominicas-de-palencia-1-300x244.jpg 300w, https:\/\/turismopalencia.digital\/wp-content\/uploads\/2022\/02\/10439convento-dominicas-de-palencia-1-12x10.jpg 12w\" sizes=\"(max-width: 1238px) 100vw, 1238px\" \/><figcaption>Monasterio de la Piedad<\/figcaption><\/figure>\n\n\n\n<hr class=\"wp-block-separator\"\/>\n\n\n\n<p><strong>El inicio de la construcci\u00f3n del actual conjunto conventual de Nuestra Se\u00f1ora de la Piedad hay que situarlo entre finales del siglo XVI y comienzos del XVII, siendo su estilo dominante el barroco.<br>&nbsp;&nbsp;&nbsp;&nbsp;&nbsp;&nbsp;La fachada de este convento, de las Religiosas Dominicas se ha utilizado elementos caracter\u00edsticos del barroco: l\u00edneas quebradas, orejetas enmarcando las ventanas y front\u00f3n partido. Destaca tambi\u00e9n en ella el tejaroz muy saliente y unas bellas celos\u00edas en las que se ha visto reminiscencia toledana.<br>Todos los terceros s\u00e1bados de mes a las 12:30 ofrecen una visita guiada a la iglesia.<br>La iglesia est\u00e1 abierta todos los d\u00edas laborables de 6:45 a 9:30 y por la tarde de 18:45 a 20:30.<br>Los domingos, de 11:30 a 13:00 y de 19:00 a 20:30<\/strong><\/p>\n\n\n\n<hr class=\"wp-block-separator\"\/>\n\n\n\n<figure class=\"wp-block-embed is-type-video is-provider-youtube wp-block-embed-youtube wp-embed-aspect-16-9 wp-has-aspect-ratio\"><div class=\"wp-block-embed__wrapper\">\n<iframe loading=\"lazy\" title=\"Entrevista a sor M\u00aa Jes\u00fas de las dominicas de Palencia\" width=\"1032\" height=\"581\" src=\"https:\/\/www.youtube.com\/embed\/FSdrmZ3iZLA?feature=oembed\" frameborder=\"0\" allow=\"accelerometer; autoplay; clipboard-write; encrypted-media; gyroscope; picture-in-picture\" allowfullscreen><\/iframe>\n<\/div><\/figure>\n\n\n\n<hr class=\"wp-block-separator\"\/>\n\n\n\n<figure class=\"wp-block-gallery has-nested-images columns-default is-cropped\">\n<figure class=\"wp-block-image size-large\"><img loading=\"lazy\" width=\"1018\" height=\"540\" data-id=\"413\"  src=\"http:\/\/turismopalencia.digital\/wp-content\/uploads\/2022\/02\/2017-11-06-1.png\" alt=\"\" class=\"wp-image-413\" srcset=\"https:\/\/turismopalencia.digital\/wp-content\/uploads\/2022\/02\/2017-11-06-1.png 1018w, https:\/\/turismopalencia.digital\/wp-content\/uploads\/2022\/02\/2017-11-06-1-300x159.png 300w, https:\/\/turismopalencia.digital\/wp-content\/uploads\/2022\/02\/2017-11-06-1-768x407.png 768w, https:\/\/turismopalencia.digital\/wp-content\/uploads\/2022\/02\/2017-11-06-1-19x10.png 19w\" sizes=\"(max-width: 1018px) 100vw, 1018px\" \/><\/figure>\n\n\n\n<figure class=\"wp-block-image size-large\"><img loading=\"lazy\" width=\"427\" height=\"419\" data-id=\"411\"  src=\"http:\/\/turismopalencia.digital\/wp-content\/uploads\/2022\/02\/2017-11-06-2.png\" alt=\"\" class=\"wp-image-411\" srcset=\"https:\/\/turismopalencia.digital\/wp-content\/uploads\/2022\/02\/2017-11-06-2.png 427w, https:\/\/turismopalencia.digital\/wp-content\/uploads\/2022\/02\/2017-11-06-2-300x294.png 300w, https:\/\/turismopalencia.digital\/wp-content\/uploads\/2022\/02\/2017-11-06-2-10x10.png 10w\" sizes=\"(max-width: 427px) 100vw, 427px\" \/><\/figure>\n\n\n\n<figure class=\"wp-block-image size-large\"><img loading=\"lazy\" width=\"312\" height=\"415\" data-id=\"412\"  src=\"http:\/\/turismopalencia.digital\/wp-content\/uploads\/2022\/02\/2017-11-06-4.png\" alt=\"\" class=\"wp-image-412\" srcset=\"https:\/\/turismopalencia.digital\/wp-content\/uploads\/2022\/02\/2017-11-06-4.png 312w, https:\/\/turismopalencia.digital\/wp-content\/uploads\/2022\/02\/2017-11-06-4-226x300.png 226w, https:\/\/turismopalencia.digital\/wp-content\/uploads\/2022\/02\/2017-11-06-4-8x10.png 8w\" sizes=\"(max-width: 312px) 100vw, 312px\" \/><\/figure>\n\n\n\n<figure class=\"wp-block-image size-large\"><img loading=\"lazy\" width=\"779\" height=\"571\" data-id=\"410\"  src=\"http:\/\/turismopalencia.digital\/wp-content\/uploads\/2022\/02\/2017-11-06-12.png\" alt=\"\" class=\"wp-image-410\" srcset=\"https:\/\/turismopalencia.digital\/wp-content\/uploads\/2022\/02\/2017-11-06-12.png 779w, https:\/\/turismopalencia.digital\/wp-content\/uploads\/2022\/02\/2017-11-06-12-300x220.png 300w, https:\/\/turismopalencia.digital\/wp-content\/uploads\/2022\/02\/2017-11-06-12-768x563.png 768w, https:\/\/turismopalencia.digital\/wp-content\/uploads\/2022\/02\/2017-11-06-12-14x10.png 14w\" sizes=\"(max-width: 779px) 100vw, 779px\" \/><\/figure>\n\n\n\n<figure class=\"wp-block-image size-large\"><img loading=\"lazy\" width=\"500\" height=\"375\" data-id=\"409\"  src=\"http:\/\/turismopalencia.digital\/wp-content\/uploads\/2022\/02\/3290904876_38b41877de.jpg\" alt=\"\" class=\"wp-image-409\" srcset=\"https:\/\/turismopalencia.digital\/wp-content\/uploads\/2022\/02\/3290904876_38b41877de.jpg 500w, https:\/\/turismopalencia.digital\/wp-content\/uploads\/2022\/02\/3290904876_38b41877de-300x225.jpg 300w, https:\/\/turismopalencia.digital\/wp-content\/uploads\/2022\/02\/3290904876_38b41877de-13x10.jpg 13w\" sizes=\"(max-width: 500px) 100vw, 500px\" \/><\/figure>\n\n\n\n<figure class=\"wp-block-image size-large\"><img loading=\"lazy\" width=\"282\" height=\"179\" data-id=\"408\"  src=\"http:\/\/turismopalencia.digital\/wp-content\/uploads\/2022\/02\/images.jpg\" alt=\"\" class=\"wp-image-408\" srcset=\"https:\/\/turismopalencia.digital\/wp-content\/uploads\/2022\/02\/images.jpg 282w, https:\/\/turismopalencia.digital\/wp-content\/uploads\/2022\/02\/images-16x10.jpg 16w\" sizes=\"(max-width: 282px) 100vw, 282px\" \/><\/figure>\n<\/figure>\n\n\n\n<hr class=\"wp-block-separator\"\/>\n\n\n\n<p>Calle de los Pastores, 1<br>34005 Palencia<\/p>\n\n\n\n<p>979 74 40 22<\/p>\n\n\n\n<p>979 74 82 23(reposter\u00eda)<\/p>\n\n\n\n<figure class=\"wp-block-embed is-type-wp-embed is-provider-la-reposteria-de-las-monjas wp-block-embed-la-reposteria-de-las-monjas\"><div class=\"wp-block-embed__wrapper\">\n<blockquote class=\"wp-embedded-content\" data-secret=\"DSrgn0NnAY\"><a href=\"https:\/\/reposteriadelasmonjas.es\/\">Inicio<\/a><\/blockquote><iframe class=\"wp-embedded-content\" sandbox=\"allow-scripts\" security=\"restricted\" style=\"position: absolute; clip: rect(1px, 1px, 1px, 1px);\" title=\"\u00abInicio\u00bb \u2014 La reposteria de las monjas\" src=\"https:\/\/reposteriadelasmonjas.es\/embed\/#?secret=DSrgn0NnAY\" data-secret=\"DSrgn0NnAY\" width=\"600\" height=\"338\" frameborder=\"0\" marginwidth=\"0\" marginheight=\"0\" scrolling=\"no\"><\/iframe>\n<\/div><figcaption><a href=\"https:\/\/reposteriadelasmonjas.es\/\" target=\"_blank\" rel=\"noreferrer noopener\">https:\/\/reposteriadelasmonjas.es\/<\/a><\/figcaption><\/figure>\n\n\n\n<hr class=\"wp-block-separator\"\/>\n\n\n\n<div class=\"wp-container-1 wp-block-buttons\">\n<div class=\"wp-block-button\"><a class=\"wp-block-button__link\" href=\"https:\/\/www.google.com\/maps\/place\/Monasterio+Nuestra+Se%C3%B1ora+de+la+Piedad+(Dominicas+Contemplativas)\/@42.0141641,-4.5379349,15z\/data=!4m2!3m1!1s0x0:0x36d6b109f55d2ae6?sa=X&amp;ved=2ahUKEwj3pJidhIn2AhW4gs4BHS4IChoQ_BJ6BAghEAU\" target=\"_blank\" rel=\"noreferrer noopener\">C\u00f3mo llegar<\/a><\/div>\n<\/div>\n\n\n\n<hr class=\"wp-block-separator\"\/>\n\n\n\n<hr class=\"wp-block-separator\"\/>\n","protected":false},"excerpt":{"rendered":"<p>El inicio de la construcci\u00f3n del actual conjunto conventual de Nuestra Se\u00f1ora de la Piedad hay que situarlo entre finales del siglo XVI y comienzos &hellip;<\/p>\n","protected":false},"author":1,"featured_media":1257,"parent":0,"menu_order":0,"comment_status":"closed","ping_status":"closed","template":"","meta":{"_monsterinsights_skip_tracking":false,"_monsterinsights_sitenote_active":false,"_monsterinsights_sitenote_note":"","_monsterinsights_sitenote_category":0},"_links":{"self":[{"href":"https:\/\/turismopalencia.digital\/index.php\/wp-json\/wp\/v2\/pages\/129"}],"collection":[{"href":"https:\/\/turismopalencia.digital\/index.php\/wp-json\/wp\/v2\/pages"}],"about":[{"href":"https:\/\/turismopalencia.digital\/index.php\/wp-json\/wp\/v2\/types\/page"}],"author":[{"embeddable":true,"href":"https:\/\/turismopalencia.digital\/index.php\/wp-json\/wp\/v2\/users\/1"}],"replies":[{"embeddable":true,"href":"https:\/\/turismopalencia.digital\/index.php\/wp-json\/wp\/v2\/comments?post=129"}],"version-history":[{"count":4,"href":"https:\/\/turismopalencia.digital\/index.php\/wp-json\/wp\/v2\/pages\/129\/revisions"}],"predecessor-version":[{"id":416,"href":"https:\/\/turismopalencia.digital\/index.php\/wp-json\/wp\/v2\/pages\/129\/revisions\/416"}],"wp:featuredmedia":[{"embeddable":true,"href":"https:\/\/turismopalencia.digital\/index.php\/wp-json\/wp\/v2\/media\/1257"}],"wp:attachment":[{"href":"https:\/\/turismopalencia.digital\/index.php\/wp-json\/wp\/v2\/media?parent=129"}],"curies":[{"name":"wp","href":"https:\/\/api.w.org\/{rel}","templated":true}]}}