{"id":133,"date":"2022-02-17T20:37:46","date_gmt":"2022-02-17T20:37:46","guid":{"rendered":"http:\/\/turismopalencia.digital\/?page_id=133"},"modified":"2022-04-04T19:50:12","modified_gmt":"2022-04-04T19:50:12","slug":"san-pablo","status":"publish","type":"page","link":"https:\/\/turismopalencia.digital\/index.php\/san-pablo\/","title":{"rendered":"San Pablo"},"content":{"rendered":"\n<hr class=\"wp-block-separator\"\/>\n\n\n\n<figure class=\"wp-block-image size-full is-resized\"><img loading=\"lazy\" src=\"http:\/\/turismopalencia.digital\/wp-content\/uploads\/2022\/02\/nwF1XrRTjgZ0sxYr5K181zcxlM52WT.jpg\" alt=\"\" class=\"wp-image-444\" width=\"1238\" height=\"611\" srcset=\"https:\/\/turismopalencia.digital\/wp-content\/uploads\/2022\/02\/nwF1XrRTjgZ0sxYr5K181zcxlM52WT.jpg 640w, https:\/\/turismopalencia.digital\/wp-content\/uploads\/2022\/02\/nwF1XrRTjgZ0sxYr5K181zcxlM52WT-300x148.jpg 300w, https:\/\/turismopalencia.digital\/wp-content\/uploads\/2022\/02\/nwF1XrRTjgZ0sxYr5K181zcxlM52WT-20x10.jpg 20w\" sizes=\"(max-width: 1238px) 100vw, 1238px\" \/><figcaption>San Pablo<\/figcaption><\/figure>\n\n\n\n<hr class=\"wp-block-separator\"\/>\n\n\n\n<p><strong>El Convento palentino de San Pablo fue fundado por Santo Domingo de Guzm\u00e1n con apoyo episcopal en 1219 o 1220, poco antes de su fallecimiento en 1221; figura, por tanto, entre los m\u00e1s antiguos de la Orden de Predicadores. Entre 1184 y 1198 Domingo de Guzm\u00e1n hab\u00eda sido estudiante y profesor en la Universidad de Palencia, y su casa, derribada en 1892, se levantaba en la misma plaza de San Pablo. En este siglo XIII tomaron el h\u00e1bito y desarrollaron su vida religiosa en San Pablo los dominicos Gil de Santar\u00e9n y Pedro Gonz\u00e1lez Telmo.<\/strong><br><strong>&nbsp;&nbsp;&nbsp;&nbsp;&nbsp;El Convento brind\u00f3 la sede de las Cortes Generales de Castilla en tres ocasiones, como en 1296, cuando la reina regente Mar\u00eda de Molina convoc\u00f3 la instituci\u00f3n para garantizar el trono a favor de su hijo, Fernando IV, y en 1313. El Cap\u00edtulo General de la Orden de Predicadores tambi\u00e9n se celebr\u00f3 aqu\u00ed. San Pablo goz\u00f3 de la protecci\u00f3n de monarcas como Sancho III, Sancho IV y Alfonso XI, que convirtieron el Convento en residencia y oratorio regio, y recibi\u00f3 incluso favores papales, de los pont\u00edfices Gregorio IX y Alejandro III.<\/strong><br><strong>&nbsp;&nbsp;&nbsp;&nbsp;&nbsp;Las labores de construcci\u00f3n de la nueva iglesia fueron iniciadas en el siglo XIV y no concluyeron hasta el siglo XVI. En 1514, bajo el patronazgo de los Rojas, Marqueses de Poza y Se\u00f1ores de Monz\u00f3n, que deseaban ser enterrados aqu\u00ed, se demoli\u00f3 la primitiva capilla mayor para construirse la actual, obra que qued\u00f3 concluida en 1534. La iglesia fue consagrada el 7 de abril de ese a\u00f1o.<\/strong><\/p>\n\n\n\n<hr class=\"wp-block-separator\"\/>\n\n\n\n<figure class=\"wp-block-gallery has-nested-images columns-default is-cropped\">\n<figure class=\"wp-block-image size-large\"><img loading=\"lazy\" width=\"800\" height=\"600\" data-id=\"445\"  src=\"http:\/\/turismopalencia.digital\/wp-content\/uploads\/2022\/02\/800px-Espadana_san_Pablo.jpg\" alt=\"\" class=\"wp-image-445\" srcset=\"https:\/\/turismopalencia.digital\/wp-content\/uploads\/2022\/02\/800px-Espadana_san_Pablo.jpg 800w, https:\/\/turismopalencia.digital\/wp-content\/uploads\/2022\/02\/800px-Espadana_san_Pablo-300x225.jpg 300w, https:\/\/turismopalencia.digital\/wp-content\/uploads\/2022\/02\/800px-Espadana_san_Pablo-768x576.jpg 768w, https:\/\/turismopalencia.digital\/wp-content\/uploads\/2022\/02\/800px-Espadana_san_Pablo-13x10.jpg 13w\" sizes=\"(max-width: 800px) 100vw, 800px\" \/><\/figure>\n\n\n\n<figure class=\"wp-block-image size-large\"><img loading=\"lazy\" width=\"768\" height=\"1024\" data-id=\"449\"  src=\"http:\/\/turismopalencia.digital\/wp-content\/uploads\/2022\/02\/800px-Palencia_-_San_Pablo_05-768x1024.jpg\" alt=\"\" class=\"wp-image-449\" srcset=\"https:\/\/turismopalencia.digital\/wp-content\/uploads\/2022\/02\/800px-Palencia_-_San_Pablo_05-768x1024.jpg 768w, https:\/\/turismopalencia.digital\/wp-content\/uploads\/2022\/02\/800px-Palencia_-_San_Pablo_05-225x300.jpg 225w, https:\/\/turismopalencia.digital\/wp-content\/uploads\/2022\/02\/800px-Palencia_-_San_Pablo_05-7x10.jpg 7w, https:\/\/turismopalencia.digital\/wp-content\/uploads\/2022\/02\/800px-Palencia_-_San_Pablo_05.jpg 800w\" sizes=\"(max-width: 768px) 100vw, 768px\" \/><\/figure>\n\n\n\n<figure class=\"wp-block-image size-large\"><img loading=\"lazy\" width=\"768\" height=\"1024\" data-id=\"450\"  src=\"http:\/\/turismopalencia.digital\/wp-content\/uploads\/2022\/02\/800px-Palencia_-_San_Pablo_06-768x1024.jpg\" alt=\"\" class=\"wp-image-450\" srcset=\"https:\/\/turismopalencia.digital\/wp-content\/uploads\/2022\/02\/800px-Palencia_-_San_Pablo_06-768x1024.jpg 768w, https:\/\/turismopalencia.digital\/wp-content\/uploads\/2022\/02\/800px-Palencia_-_San_Pablo_06-225x300.jpg 225w, https:\/\/turismopalencia.digital\/wp-content\/uploads\/2022\/02\/800px-Palencia_-_San_Pablo_06-7x10.jpg 7w, https:\/\/turismopalencia.digital\/wp-content\/uploads\/2022\/02\/800px-Palencia_-_San_Pablo_06.jpg 800w\" sizes=\"(max-width: 768px) 100vw, 768px\" \/><\/figure>\n\n\n\n<figure class=\"wp-block-image size-large\"><img loading=\"lazy\" width=\"768\" height=\"1024\" data-id=\"446\"  src=\"http:\/\/turismopalencia.digital\/wp-content\/uploads\/2022\/02\/800px-Palencia_-_San_Pablo_07-768x1024.jpg\" alt=\"\" class=\"wp-image-446\" srcset=\"https:\/\/turismopalencia.digital\/wp-content\/uploads\/2022\/02\/800px-Palencia_-_San_Pablo_07-768x1024.jpg 768w, https:\/\/turismopalencia.digital\/wp-content\/uploads\/2022\/02\/800px-Palencia_-_San_Pablo_07-225x300.jpg 225w, https:\/\/turismopalencia.digital\/wp-content\/uploads\/2022\/02\/800px-Palencia_-_San_Pablo_07-7x10.jpg 7w, https:\/\/turismopalencia.digital\/wp-content\/uploads\/2022\/02\/800px-Palencia_-_San_Pablo_07.jpg 800w\" sizes=\"(max-width: 768px) 100vw, 768px\" \/><\/figure>\n\n\n\n<figure class=\"wp-block-image size-large\"><img loading=\"lazy\" width=\"768\" height=\"1024\" data-id=\"448\"  src=\"http:\/\/turismopalencia.digital\/wp-content\/uploads\/2022\/02\/800px-Palencia_-_San_Pablo_08-768x1024.jpg\" alt=\"\" class=\"wp-image-448\" srcset=\"https:\/\/turismopalencia.digital\/wp-content\/uploads\/2022\/02\/800px-Palencia_-_San_Pablo_08-768x1024.jpg 768w, https:\/\/turismopalencia.digital\/wp-content\/uploads\/2022\/02\/800px-Palencia_-_San_Pablo_08-225x300.jpg 225w, https:\/\/turismopalencia.digital\/wp-content\/uploads\/2022\/02\/800px-Palencia_-_San_Pablo_08-7x10.jpg 7w, https:\/\/turismopalencia.digital\/wp-content\/uploads\/2022\/02\/800px-Palencia_-_San_Pablo_08.jpg 800w\" sizes=\"(max-width: 768px) 100vw, 768px\" \/><\/figure>\n\n\n\n<figure class=\"wp-block-image size-large\"><img loading=\"lazy\" width=\"743\" height=\"1024\" data-id=\"447\"  src=\"http:\/\/turismopalencia.digital\/wp-content\/uploads\/2022\/02\/800px-Palencia_-_San_Pablo_19-743x1024.jpg\" alt=\"\" class=\"wp-image-447\" srcset=\"https:\/\/turismopalencia.digital\/wp-content\/uploads\/2022\/02\/800px-Palencia_-_San_Pablo_19-743x1024.jpg 743w, https:\/\/turismopalencia.digital\/wp-content\/uploads\/2022\/02\/800px-Palencia_-_San_Pablo_19-218x300.jpg 218w, https:\/\/turismopalencia.digital\/wp-content\/uploads\/2022\/02\/800px-Palencia_-_San_Pablo_19-768x1058.jpg 768w, https:\/\/turismopalencia.digital\/wp-content\/uploads\/2022\/02\/800px-Palencia_-_San_Pablo_19-7x10.jpg 7w, https:\/\/turismopalencia.digital\/wp-content\/uploads\/2022\/02\/800px-Palencia_-_San_Pablo_19.jpg 800w\" sizes=\"(max-width: 743px) 100vw, 743px\" \/><\/figure>\n\n\n\n<figure class=\"wp-block-image size-large\"><img loading=\"lazy\" width=\"768\" height=\"1024\" data-id=\"451\"  src=\"http:\/\/turismopalencia.digital\/wp-content\/uploads\/2022\/02\/800px-Palencia_-_San_Pablo_24-768x1024.jpg\" alt=\"\" class=\"wp-image-451\" srcset=\"https:\/\/turismopalencia.digital\/wp-content\/uploads\/2022\/02\/800px-Palencia_-_San_Pablo_24-768x1024.jpg 768w, https:\/\/turismopalencia.digital\/wp-content\/uploads\/2022\/02\/800px-Palencia_-_San_Pablo_24-225x300.jpg 225w, https:\/\/turismopalencia.digital\/wp-content\/uploads\/2022\/02\/800px-Palencia_-_San_Pablo_24-7x10.jpg 7w, https:\/\/turismopalencia.digital\/wp-content\/uploads\/2022\/02\/800px-Palencia_-_San_Pablo_24.jpg 800w\" sizes=\"(max-width: 768px) 100vw, 768px\" \/><\/figure>\n\n\n\n<figure class=\"wp-block-image size-large\"><img loading=\"lazy\" width=\"1024\" height=\"765\" data-id=\"454\"  src=\"http:\/\/turismopalencia.digital\/wp-content\/uploads\/2022\/02\/pablo-2-1-1024x765.jpg\" alt=\"\" class=\"wp-image-454\" srcset=\"https:\/\/turismopalencia.digital\/wp-content\/uploads\/2022\/02\/pablo-2-1-1024x765.jpg 1024w, https:\/\/turismopalencia.digital\/wp-content\/uploads\/2022\/02\/pablo-2-1-300x224.jpg 300w, https:\/\/turismopalencia.digital\/wp-content\/uploads\/2022\/02\/pablo-2-1-768x574.jpg 768w, https:\/\/turismopalencia.digital\/wp-content\/uploads\/2022\/02\/pablo-2-1-13x10.jpg 13w, https:\/\/turismopalencia.digital\/wp-content\/uploads\/2022\/02\/pablo-2-1.jpg 1220w\" sizes=\"(max-width: 1024px) 100vw, 1024px\" \/><\/figure>\n\n\n\n<figure class=\"wp-block-image size-large\"><img loading=\"lazy\" width=\"1024\" height=\"768\" data-id=\"463\"  src=\"http:\/\/turismopalencia.digital\/wp-content\/uploads\/2022\/02\/20191006_111604-1024x768.jpg\" alt=\"\" class=\"wp-image-463\" srcset=\"https:\/\/turismopalencia.digital\/wp-content\/uploads\/2022\/02\/20191006_111604-1024x768.jpg 1024w, https:\/\/turismopalencia.digital\/wp-content\/uploads\/2022\/02\/20191006_111604-300x225.jpg 300w, https:\/\/turismopalencia.digital\/wp-content\/uploads\/2022\/02\/20191006_111604-768x576.jpg 768w, https:\/\/turismopalencia.digital\/wp-content\/uploads\/2022\/02\/20191006_111604-1536x1152.jpg 1536w, https:\/\/turismopalencia.digital\/wp-content\/uploads\/2022\/02\/20191006_111604-2048x1536.jpg 2048w, https:\/\/turismopalencia.digital\/wp-content\/uploads\/2022\/02\/20191006_111604-13x10.jpg 13w\" sizes=\"(max-width: 1024px) 100vw, 1024px\" \/><\/figure>\n\n\n\n<figure class=\"wp-block-image size-large\"><img loading=\"lazy\" width=\"1024\" height=\"768\" data-id=\"464\"  src=\"http:\/\/turismopalencia.digital\/wp-content\/uploads\/2022\/02\/20191006_111617-1024x768.jpg\" alt=\"\" class=\"wp-image-464\" srcset=\"https:\/\/turismopalencia.digital\/wp-content\/uploads\/2022\/02\/20191006_111617-1024x768.jpg 1024w, https:\/\/turismopalencia.digital\/wp-content\/uploads\/2022\/02\/20191006_111617-300x225.jpg 300w, https:\/\/turismopalencia.digital\/wp-content\/uploads\/2022\/02\/20191006_111617-768x576.jpg 768w, https:\/\/turismopalencia.digital\/wp-content\/uploads\/2022\/02\/20191006_111617-1536x1152.jpg 1536w, https:\/\/turismopalencia.digital\/wp-content\/uploads\/2022\/02\/20191006_111617-2048x1536.jpg 2048w, https:\/\/turismopalencia.digital\/wp-content\/uploads\/2022\/02\/20191006_111617-13x10.jpg 13w\" sizes=\"(max-width: 1024px) 100vw, 1024px\" \/><\/figure>\n<\/figure>\n\n\n\n<hr class=\"wp-block-separator\"\/>\n\n\n\n<p><strong>Plaza San Pablo<\/strong><br><strong>34005 Palencia<\/strong><\/p>\n\n\n\n<p><strong>979 70 72 20<\/strong><\/p>\n\n\n\n<p><a href=\"https:\/\/es.wikipedia.org\/wiki\/Convento_de_San_Pablo_(Palencia)\" target=\"_blank\" rel=\"noreferrer noopener\">https:\/\/es.wikipedia.org\/wiki\/Convento_de_San_Pablo_(Palencia)<\/a><\/p>\n\n\n\n<hr class=\"wp-block-separator\"\/>\n\n\n\n<div class=\"wp-container-1 wp-block-buttons\">\n<div class=\"wp-block-button\"><a class=\"wp-block-button__link\" href=\"https:\/\/www.google.com\/maps\/place\/Convento+de+San+Pablo\/@42.0140322,-4.5358525,15z\/data=!4m2!3m1!1s0x0:0xa3614e50a6198243?sa=X&amp;ved=2ahUKEwiWj8zMi4n2AhVuHzQIHW4rBkUQ_BJ6BAgxEAU\" target=\"_blank\" rel=\"noreferrer noopener\">C\u00f3mo llegar<\/a><\/div>\n<\/div>\n\n\n\n<hr class=\"wp-block-separator\"\/>\n\n\n\n<hr class=\"wp-block-separator\"\/>\n","protected":false},"excerpt":{"rendered":"<p>El Convento palentino de San Pablo fue fundado por Santo Domingo de Guzm\u00e1n con apoyo episcopal en 1219 o 1220, poco antes de su fallecimiento &hellip;<\/p>\n","protected":false},"author":1,"featured_media":1266,"parent":0,"menu_order":0,"comment_status":"closed","ping_status":"closed","template":"","meta":{"_monsterinsights_skip_tracking":false,"_monsterinsights_sitenote_active":false,"_monsterinsights_sitenote_note":"","_monsterinsights_sitenote_category":0},"_links":{"self":[{"href":"https:\/\/turismopalencia.digital\/index.php\/wp-json\/wp\/v2\/pages\/133"}],"collection":[{"href":"https:\/\/turismopalencia.digital\/index.php\/wp-json\/wp\/v2\/pages"}],"about":[{"href":"https:\/\/turismopalencia.digital\/index.php\/wp-json\/wp\/v2\/types\/page"}],"author":[{"embeddable":true,"href":"https:\/\/turismopalencia.digital\/index.php\/wp-json\/wp\/v2\/users\/1"}],"replies":[{"embeddable":true,"href":"https:\/\/turismopalencia.digital\/index.php\/wp-json\/wp\/v2\/comments?post=133"}],"version-history":[{"count":3,"href":"https:\/\/turismopalencia.digital\/index.php\/wp-json\/wp\/v2\/pages\/133\/revisions"}],"predecessor-version":[{"id":1267,"href":"https:\/\/turismopalencia.digital\/index.php\/wp-json\/wp\/v2\/pages\/133\/revisions\/1267"}],"wp:featuredmedia":[{"embeddable":true,"href":"https:\/\/turismopalencia.digital\/index.php\/wp-json\/wp\/v2\/media\/1266"}],"wp:attachment":[{"href":"https:\/\/turismopalencia.digital\/index.php\/wp-json\/wp\/v2\/media?parent=133"}],"curies":[{"name":"wp","href":"https:\/\/api.w.org\/{rel}","templated":true}]}}