{"id":189,"date":"2022-02-17T21:41:09","date_gmt":"2022-02-17T21:41:09","guid":{"rendered":"http:\/\/turismopalencia.digital\/?page_id=189"},"modified":"2022-04-04T19:54:35","modified_gmt":"2022-04-04T19:54:35","slug":"fundacion-diaz-caneja","status":"publish","type":"page","link":"https:\/\/turismopalencia.digital\/index.php\/fundacion-diaz-caneja\/","title":{"rendered":"Fundaci\u00f3n D\u00edaz Caneja"},"content":{"rendered":"\n<hr class=\"wp-block-separator\"\/>\n\n\n\n<figure class=\"wp-block-image size-full is-resized\"><img loading=\"lazy\" src=\"http:\/\/turismopalencia.digital\/wp-content\/uploads\/2022\/02\/Fundacion-Diaz-Caneja.jpg\" alt=\"\" class=\"wp-image-484\" width=\"1238\" height=\"824\" srcset=\"https:\/\/turismopalencia.digital\/wp-content\/uploads\/2022\/02\/Fundacion-Diaz-Caneja.jpg 650w, https:\/\/turismopalencia.digital\/wp-content\/uploads\/2022\/02\/Fundacion-Diaz-Caneja-300x200.jpg 300w, https:\/\/turismopalencia.digital\/wp-content\/uploads\/2022\/02\/Fundacion-Diaz-Caneja-15x10.jpg 15w\" sizes=\"(max-width: 1238px) 100vw, 1238px\" \/><figcaption>Fundaci\u00f3n D\u00edaz Caneja<\/figcaption><\/figure>\n\n\n\n<hr class=\"wp-block-separator\"\/>\n\n\n\n<p><strong>El museo de Arte Contempor\u00e1neo de Palencia &#8211; Fundaci\u00f3n D\u00edaz Caneja- es uno de los principales museos de la ciudad de Palencia. Alberga la donaci\u00f3n de obras de Juan Manuel D\u00edaz-Caneja, hecha por su viuda Isabel Fern\u00e1ndez Almansa y el propio pintor. Se inaugur\u00f3 en 1995, coincidiendo con el s\u00e9ptimo aniversario de la muerte del artista.<\/strong><br><strong>&nbsp;&nbsp;&nbsp;&nbsp;&nbsp;&nbsp;El museo, con sede en la antigua Casa de Cultura municipal, posee una sala de exposiciones temporales, un auditorio y una importante biblioteca especializada en arte contempor\u00e1neo e historia del arte.2 En la biblioteca tambi\u00e9n se conservan manuscritos y fotograf\u00edas originales del artista.<\/strong><br><strong>&nbsp;&nbsp;&nbsp;&nbsp;&nbsp;&nbsp;La colecci\u00f3n del museo se basa en 119 cuadros de Juan Manuel D\u00edaz Caneja, con representaci\u00f3n de todas sus \u00e9pocas, desde sus primeras obras, de la d\u00e9cada de 1920, hasta obras realizadas el a\u00f1o de su muerte. El per\u00edodo mejor representado es el de sus \u00faltimas obras, en la d\u00e9cada de 1980. Los a\u00f1os setenta cuentan tambi\u00e9n con una amplia representaci\u00f3n, de m\u00e1s de una veintena de lienzos. Del resto de \u00e9pocas se conservan 10 cuadros de los a\u00f1os sesenta y otros 10 de los cincuenta. Del resto de etapas art\u00edsticas de Caneja, y sobre todo se su etapa de formaci\u00f3n, el n\u00famero de obras es m\u00e1s limitado.<\/strong><br><strong>&nbsp;&nbsp;&nbsp;&nbsp;&nbsp;&nbsp;El museo exhibe principalmente paisajes, el g\u00e9nero predilecto del pintor, aunque posee tambi\u00e9n retratos, naturalezas muertas, composiciones abstractas y escenas de la vida cotidiana. El museo tambi\u00e9n cuenta con un caballete, paletas y otros utensilios que utiliz\u00f3 D\u00edaz Caneja en vida; y conserva algunas de las obras m\u00e1s conocidas del artista palentino, como Mujer pein\u00e1ndose, El farol, Iban a comunicar, La Era, Desnudo sentado, El desayuno del obispo o La f\u00e1brica de harinas.<\/strong><\/p>\n\n\n\n<hr class=\"wp-block-separator\"\/>\n\n\n\n<figure class=\"wp-block-embed is-type-video is-provider-youtube wp-block-embed-youtube wp-embed-aspect-16-9 wp-has-aspect-ratio\"><div class=\"wp-block-embed__wrapper\">\n<iframe loading=\"lazy\" title=\"Exposici\u00f3n &#039;Donaciones&#039; en la Fundaci\u00f3n D\u00edaz Caneja\" width=\"1032\" height=\"581\" src=\"https:\/\/www.youtube.com\/embed\/Y-1gXcyzJJs?feature=oembed\" frameborder=\"0\" allow=\"accelerometer; autoplay; clipboard-write; encrypted-media; gyroscope; picture-in-picture\" allowfullscreen><\/iframe>\n<\/div><\/figure>\n\n\n\n<hr class=\"wp-block-separator\"\/>\n\n\n\n<figure class=\"wp-block-gallery has-nested-images columns-default is-cropped\">\n<figure class=\"wp-block-image size-large\"><img loading=\"lazy\" width=\"644\" height=\"419\" data-id=\"488\"  src=\"http:\/\/turismopalencia.digital\/wp-content\/uploads\/2022\/02\/66371DB1-0E8C-C844-FE115A3D195D6665.jpg\" alt=\"\" class=\"wp-image-488\" srcset=\"https:\/\/turismopalencia.digital\/wp-content\/uploads\/2022\/02\/66371DB1-0E8C-C844-FE115A3D195D6665.jpg 644w, https:\/\/turismopalencia.digital\/wp-content\/uploads\/2022\/02\/66371DB1-0E8C-C844-FE115A3D195D6665-300x195.jpg 300w, https:\/\/turismopalencia.digital\/wp-content\/uploads\/2022\/02\/66371DB1-0E8C-C844-FE115A3D195D6665-15x10.jpg 15w\" sizes=\"(max-width: 644px) 100vw, 644px\" \/><\/figure>\n\n\n\n<figure class=\"wp-block-image size-large\"><img loading=\"lazy\" width=\"800\" height=\"600\" data-id=\"487\"  src=\"http:\/\/turismopalencia.digital\/wp-content\/uploads\/2022\/02\/exterior-copia-2-1.jpg\" alt=\"\" class=\"wp-image-487\" srcset=\"https:\/\/turismopalencia.digital\/wp-content\/uploads\/2022\/02\/exterior-copia-2-1.jpg 800w, https:\/\/turismopalencia.digital\/wp-content\/uploads\/2022\/02\/exterior-copia-2-1-300x225.jpg 300w, https:\/\/turismopalencia.digital\/wp-content\/uploads\/2022\/02\/exterior-copia-2-1-768x576.jpg 768w, https:\/\/turismopalencia.digital\/wp-content\/uploads\/2022\/02\/exterior-copia-2-1-13x10.jpg 13w\" sizes=\"(max-width: 800px) 100vw, 800px\" \/><\/figure>\n\n\n\n<figure class=\"wp-block-image size-large\"><img loading=\"lazy\" width=\"1024\" height=\"684\" data-id=\"486\"  src=\"http:\/\/turismopalencia.digital\/wp-content\/uploads\/2022\/02\/Las-dos-salas-1024x684.jpg\" alt=\"\" class=\"wp-image-486\" srcset=\"https:\/\/turismopalencia.digital\/wp-content\/uploads\/2022\/02\/Las-dos-salas-1024x684.jpg 1024w, https:\/\/turismopalencia.digital\/wp-content\/uploads\/2022\/02\/Las-dos-salas-300x200.jpg 300w, https:\/\/turismopalencia.digital\/wp-content\/uploads\/2022\/02\/Las-dos-salas-768x513.jpg 768w, https:\/\/turismopalencia.digital\/wp-content\/uploads\/2022\/02\/Las-dos-salas-15x10.jpg 15w, https:\/\/turismopalencia.digital\/wp-content\/uploads\/2022\/02\/Las-dos-salas.jpg 1500w\" sizes=\"(max-width: 1024px) 100vw, 1024px\" \/><\/figure>\n<\/figure>\n\n\n\n<hr class=\"wp-block-separator\"\/>\n\n\n\n<figure class=\"wp-block-image\"><a href=\"https:\/\/www.youtube.com\/watch?v=Y-1gXcyzJJs\" target=\"_blank\" rel=\"noreferrer noopener\"><img src=\"https:\/\/clickturismo.es\/monumentospalencia\/monumentospalencia005007.jpg\" alt=\"monumentospalencia005007.jpg\" title=\"\"\/><\/a><\/figure>\n\n\n\n<p>Calle Lope de Vega, 2<br>34001 Palencia<\/p>\n\n\n\n<p><strong>979 74 73 92<\/strong><\/p>\n\n\n\n<figure class=\"wp-block-embed is-type-wp-embed is-provider-fundacion-diaz-caneja wp-block-embed-fundacion-diaz-caneja\"><div class=\"wp-block-embed__wrapper\">\n<blockquote class=\"wp-embedded-content\" data-secret=\"QJ12FySWez\"><a href=\"https:\/\/diaz-caneja.org\/\">Fundaci\u00f3n D\u00edaz Caneja \u00b7 Home<\/a><\/blockquote><iframe class=\"wp-embedded-content\" sandbox=\"allow-scripts\" security=\"restricted\" style=\"position: absolute; clip: rect(1px, 1px, 1px, 1px);\" title=\"\u00abFundaci\u00f3n D\u00edaz Caneja \u00b7 Home\u00bb \u2014 Fundaci\u00f3n D\u00edaz Caneja\" src=\"https:\/\/diaz-caneja.org\/embed\/#?secret=QJ12FySWez\" data-secret=\"QJ12FySWez\" width=\"600\" height=\"338\" frameborder=\"0\" marginwidth=\"0\" marginheight=\"0\" scrolling=\"no\"><\/iframe>\n<\/div><figcaption><a href=\"https:\/\/diaz-caneja.org\" target=\"_blank\" rel=\"noreferrer noopener\">https:\/\/diaz-caneja.org<\/a>\/<\/figcaption><\/figure>\n\n\n\n<hr class=\"wp-block-separator\"\/>\n\n\n\n<div class=\"wp-container-1 wp-block-buttons\">\n<div class=\"wp-block-button\"><a class=\"wp-block-button__link\" href=\"https:\/\/www.google.com\/maps\/place\/Museo+Fundaci%C3%B3n+D%C3%ADaz+Caneja\/@42.0139714,-4.5322677,15z\/data=!4m2!3m1!1s0x0:0x9b6060c159998920?sa=X&amp;ved=2ahUKEwjU_ITwj4n2AhVCgP0HHbFmBsgQ_BJ6BAglEAU\" target=\"_blank\" rel=\"noreferrer noopener\">C\u00f3mo llegar<\/a><\/div>\n<\/div>\n\n\n\n<hr class=\"wp-block-separator\"\/>\n\n\n\n<hr class=\"wp-block-separator\"\/>\n","protected":false},"excerpt":{"rendered":"<p>El museo de Arte Contempor\u00e1neo de Palencia &#8211; Fundaci\u00f3n D\u00edaz Caneja- es uno de los principales museos de la ciudad de Palencia. Alberga la donaci\u00f3n &hellip;<\/p>\n","protected":false},"author":1,"featured_media":1272,"parent":0,"menu_order":0,"comment_status":"closed","ping_status":"closed","template":"","meta":{"_monsterinsights_skip_tracking":false,"_monsterinsights_sitenote_active":false,"_monsterinsights_sitenote_note":"","_monsterinsights_sitenote_category":0},"_links":{"self":[{"href":"https:\/\/turismopalencia.digital\/index.php\/wp-json\/wp\/v2\/pages\/189"}],"collection":[{"href":"https:\/\/turismopalencia.digital\/index.php\/wp-json\/wp\/v2\/pages"}],"about":[{"href":"https:\/\/turismopalencia.digital\/index.php\/wp-json\/wp\/v2\/types\/page"}],"author":[{"embeddable":true,"href":"https:\/\/turismopalencia.digital\/index.php\/wp-json\/wp\/v2\/users\/1"}],"replies":[{"embeddable":true,"href":"https:\/\/turismopalencia.digital\/index.php\/wp-json\/wp\/v2\/comments?post=189"}],"version-history":[{"count":4,"href":"https:\/\/turismopalencia.digital\/index.php\/wp-json\/wp\/v2\/pages\/189\/revisions"}],"predecessor-version":[{"id":1273,"href":"https:\/\/turismopalencia.digital\/index.php\/wp-json\/wp\/v2\/pages\/189\/revisions\/1273"}],"wp:featuredmedia":[{"embeddable":true,"href":"https:\/\/turismopalencia.digital\/index.php\/wp-json\/wp\/v2\/media\/1272"}],"wp:attachment":[{"href":"https:\/\/turismopalencia.digital\/index.php\/wp-json\/wp\/v2\/media?parent=189"}],"curies":[{"name":"wp","href":"https:\/\/api.w.org\/{rel}","templated":true}]}}

Fundación Díaz Caneja

<hr class="wp-block-separator"/>



<figure class="wp-block-image size-full is-resized"><img loading="lazy" src="http://turismopalencia.digital/wp-content/uploads/2022/02/Fundacion-Diaz-Caneja.jpg" alt="" class="wp-image-484" width="1238" height="824" srcset="https://turismopalencia.digital/wp-content/uploads/2022/02/Fundacion-Diaz-Caneja.jpg 650w, https://turismopalencia.digital/wp-content/uploads/2022/02/Fundacion-Diaz-Caneja-300x200.jpg 300w, https://turismopalencia.digital/wp-content/uploads/2022/02/Fundacion-Diaz-Caneja-15x10.jpg 15w" sizes="(max-width: 1238px) 100vw, 1238px" /><figcaption>Fundación Díaz Caneja</figcaption></figure>



<hr class="wp-block-separator"/>



<p><strong>El museo de Arte Contemporáneo de Palencia &#8211; Fundación Díaz Caneja- es uno de los principales museos de la ciudad de Palencia. Alberga la donación de obras de Juan Manuel Díaz-Caneja, hecha por su viuda Isabel Fernández Almansa y el propio pintor. Se inauguró en 1995, coincidiendo con el séptimo aniversario de la muerte del artista.</strong><br><strong>&nbsp;&nbsp;&nbsp;&nbsp;&nbsp;&nbsp;El museo, con sede en la antigua Casa de Cultura municipal, posee una sala de exposiciones temporales, un auditorio y una importante biblioteca especializada en arte contemporáneo e historia del arte.2 En la biblioteca también se conservan manuscritos y fotografías originales del artista.</strong><br><strong>&nbsp;&nbsp;&nbsp;&nbsp;&nbsp;&nbsp;La colección del museo se basa en 119 cuadros de Juan Manuel Díaz Caneja, con representación de todas sus épocas, desde sus primeras obras, de la década de 1920, hasta obras realizadas el año de su muerte. El período mejor representado es el de sus últimas obras, en la década de 1980. Los años setenta cuentan también con una amplia representación, de más de una veintena de lienzos. Del resto de épocas se conservan 10 cuadros de los años sesenta y otros 10 de los cincuenta. Del resto de etapas artísticas de Caneja, y sobre todo se su etapa de formación, el número de obras es más limitado.</strong><br><strong>&nbsp;&nbsp;&nbsp;&nbsp;&nbsp;&nbsp;El museo exhibe principalmente paisajes, el género predilecto del pintor, aunque posee también retratos, naturalezas muertas, composiciones abstractas y escenas de la vida cotidiana. El museo también cuenta con un caballete, paletas y otros utensilios que utilizó Díaz Caneja en vida; y conserva algunas de las obras más conocidas del artista palentino, como Mujer peinándose, El farol, Iban a comunicar, La Era, Desnudo sentado, El desayuno del obispo o La fábrica de harinas.</strong></p>



<hr class="wp-block-separator"/>



<figure class="wp-block-embed is-type-video is-provider-youtube wp-block-embed-youtube wp-embed-aspect-16-9 wp-has-aspect-ratio"><div class="wp-block-embed__wrapper">
<iframe loading="lazy" title="Exposición &#039;Donaciones&#039; en la Fundación Díaz Caneja" width="1032" height="581" src="https://www.youtube.com/embed/Y-1gXcyzJJs?feature=oembed" frameborder="0" allow="accelerometer; autoplay; clipboard-write; encrypted-media; gyroscope; picture-in-picture" allowfullscreen></iframe>
</div></figure>



<hr class="wp-block-separator"/>



<figure class="wp-block-gallery has-nested-images columns-default is-cropped">
<figure class="wp-block-image size-large"><img loading="lazy" width="644" height="419" data-id="488"  src="http://turismopalencia.digital/wp-content/uploads/2022/02/66371DB1-0E8C-C844-FE115A3D195D6665.jpg" alt="" class="wp-image-488" srcset="https://turismopalencia.digital/wp-content/uploads/2022/02/66371DB1-0E8C-C844-FE115A3D195D6665.jpg 644w, https://turismopalencia.digital/wp-content/uploads/2022/02/66371DB1-0E8C-C844-FE115A3D195D6665-300x195.jpg 300w, https://turismopalencia.digital/wp-content/uploads/2022/02/66371DB1-0E8C-C844-FE115A3D195D6665-15x10.jpg 15w" sizes="(max-width: 644px) 100vw, 644px" /></figure>



<figure class="wp-block-image size-large"><img loading="lazy" width="800" height="600" data-id="487"  src="http://turismopalencia.digital/wp-content/uploads/2022/02/exterior-copia-2-1.jpg" alt="" class="wp-image-487" srcset="https://turismopalencia.digital/wp-content/uploads/2022/02/exterior-copia-2-1.jpg 800w, https://turismopalencia.digital/wp-content/uploads/2022/02/exterior-copia-2-1-300x225.jpg 300w, https://turismopalencia.digital/wp-content/uploads/2022/02/exterior-copia-2-1-768x576.jpg 768w, https://turismopalencia.digital/wp-content/uploads/2022/02/exterior-copia-2-1-13x10.jpg 13w" sizes="(max-width: 800px) 100vw, 800px" /></figure>



<figure class="wp-block-image size-large"><img loading="lazy" width="1024" height="684" data-id="486"  src="http://turismopalencia.digital/wp-content/uploads/2022/02/Las-dos-salas-1024x684.jpg" alt="" class="wp-image-486" srcset="https://turismopalencia.digital/wp-content/uploads/2022/02/Las-dos-salas-1024x684.jpg 1024w, https://turismopalencia.digital/wp-content/uploads/2022/02/Las-dos-salas-300x200.jpg 300w, https://turismopalencia.digital/wp-content/uploads/2022/02/Las-dos-salas-768x513.jpg 768w, https://turismopalencia.digital/wp-content/uploads/2022/02/Las-dos-salas-15x10.jpg 15w, https://turismopalencia.digital/wp-content/uploads/2022/02/Las-dos-salas.jpg 1500w" sizes="(max-width: 1024px) 100vw, 1024px" /></figure>
</figure>



<hr class="wp-block-separator"/>



<figure class="wp-block-image"><a href="https://www.youtube.com/watch?v=Y-1gXcyzJJs" target="_blank" rel="noreferrer noopener"><img src="https://clickturismo.es/monumentospalencia/monumentospalencia005007.jpg" alt="monumentospalencia005007.jpg" title=""/></a></figure>



<p>Calle Lope de Vega, 2<br>34001 Palencia</p>



<p><strong>979 74 73 92</strong></p>



<figure class="wp-block-embed is-type-wp-embed is-provider-fundacion-diaz-caneja wp-block-embed-fundacion-diaz-caneja"><div class="wp-block-embed__wrapper">
<blockquote class="wp-embedded-content" data-secret="QJ12FySWez"><a href="https://diaz-caneja.org/">Fundación Díaz Caneja · Home</a></blockquote><iframe class="wp-embedded-content" sandbox="allow-scripts" security="restricted" style="position: absolute; clip: rect(1px, 1px, 1px, 1px);" title="«Fundación Díaz Caneja · Home» — Fundación Díaz Caneja" src="https://diaz-caneja.org/embed/#?secret=QJ12FySWez" data-secret="QJ12FySWez" width="600" height="338" frameborder="0" marginwidth="0" marginheight="0" scrolling="no"></iframe>
</div><figcaption><a href="https://diaz-caneja.org" target="_blank" rel="noreferrer noopener">https://diaz-caneja.org</a>/</figcaption></figure>



<hr class="wp-block-separator"/>



<div class="wp-container-1 wp-block-buttons">
<div class="wp-block-button"><a class="wp-block-button__link" href="https://www.google.com/maps/place/Museo+Fundaci%C3%B3n+D%C3%ADaz+Caneja/@42.0139714,-4.5322677,15z/data=!4m2!3m1!1s0x0:0x9b6060c159998920?sa=X&amp;ved=2ahUKEwjU_ITwj4n2AhVCgP0HHbFmBsgQ_BJ6BAglEAU" target="_blank" rel="noreferrer noopener">Cómo llegar</a></div>
</div>



<hr class="wp-block-separator"/>



<hr class="wp-block-separator"/>

<p>El museo de Arte Contemporáneo de Palencia &#8211; Fundación Díaz Caneja- es uno de los principales museos de la ciudad de Palencia. Alberga la donación &hellip;</p>
