{"id":248,"date":"2022-02-17T22:18:10","date_gmt":"2022-02-17T22:18:10","guid":{"rendered":"http:\/\/turismopalencia.digital\/?page_id=248"},"modified":"2022-04-04T20:14:59","modified_gmt":"2022-04-04T20:14:59","slug":"consejo-de-cuentas","status":"publish","type":"page","link":"https:\/\/turismopalencia.digital\/index.php\/consejo-de-cuentas\/","title":{"rendered":"Consejo de Cuentas"},"content":{"rendered":"\n<hr class=\"wp-block-separator\"\/>\n\n\n\n<figure class=\"wp-block-image size-full is-resized\"><img loading=\"lazy\" src=\"http:\/\/turismopalencia.digital\/wp-content\/uploads\/2022\/02\/P5100012-2.jpg\" alt=\"\" class=\"wp-image-584\" width=\"1241\" height=\"932\" srcset=\"https:\/\/turismopalencia.digital\/wp-content\/uploads\/2022\/02\/P5100012-2.jpg 850w, https:\/\/turismopalencia.digital\/wp-content\/uploads\/2022\/02\/P5100012-2-300x225.jpg 300w, https:\/\/turismopalencia.digital\/wp-content\/uploads\/2022\/02\/P5100012-2-768x576.jpg 768w, https:\/\/turismopalencia.digital\/wp-content\/uploads\/2022\/02\/P5100012-2-13x10.jpg 13w\" sizes=\"(max-width: 1241px) 100vw, 1241px\" \/><figcaption>Consejo de Cuentas<\/figcaption><\/figure>\n\n\n\n<hr class=\"wp-block-separator\"\/>\n\n\n\n<p><strong>El Consejo de Cuentas de Castilla y Le\u00f3n es la instituci\u00f3n dependiente de las Cortes de Castilla y Le\u00f3n que realiza las funciones de fiscalizaci\u00f3n externa de la gesti\u00f3n econ\u00f3mica, financiera y contable del sector p\u00fablico de la Comunidad Aut\u00f3noma y dem\u00e1s entes p\u00fablicos de Castilla y Le\u00f3n.<\/strong><br><strong>&nbsp;&nbsp;&nbsp;&nbsp;&nbsp;En el a\u00f1o 2006 se decidi\u00f3 trasladarlo a Palencia, en concreto a un edificio de Caja Espa\u00f1a proyectado por Jer\u00f3nimo Arroyo. El edificio est\u00e1 realizado en art nouveau y neocl\u00e1sico. Consiste en una fachada con seis ventanales de los que salen sendos balcones de hierro negro forjado, t\u00edpicamente palentinos. En la cornisa, una guirnalda tallada en piedra decora la parte alta. Dos torres empotradas en los extremos de la pared principal y de planta trapecial aportan grandeza al edificio. En las torres (de tres pisos cada una) se abren sencillas ventanas con cristales blancos y de colores. La parte alta de estas torres se cierra con dos peque\u00f1as c\u00fapulas de pizarra rematadas por pin\u00e1culos.<\/strong><br><strong>&nbsp;&nbsp;&nbsp;&nbsp;&nbsp;Enfrente del edificio se encuentra una estatua de su autor Jer\u00f3nimo Arroyo.<\/strong><\/p>\n\n\n\n<hr class=\"wp-block-separator\"\/>\n\n\n\n<figure class=\"wp-block-gallery has-nested-images columns-default is-cropped\">\n<figure class=\"wp-block-image size-large\"><img loading=\"lazy\" width=\"500\" height=\"375\" data-id=\"587\"  src=\"http:\/\/turismopalencia.digital\/wp-content\/uploads\/2022\/02\/48617035-1.jpg\" alt=\"\" class=\"wp-image-587\" srcset=\"https:\/\/turismopalencia.digital\/wp-content\/uploads\/2022\/02\/48617035-1.jpg 500w, https:\/\/turismopalencia.digital\/wp-content\/uploads\/2022\/02\/48617035-1-300x225.jpg 300w, https:\/\/turismopalencia.digital\/wp-content\/uploads\/2022\/02\/48617035-1-13x10.jpg 13w\" sizes=\"(max-width: 500px) 100vw, 500px\" \/><\/figure>\n\n\n\n<figure class=\"wp-block-image size-large\"><img loading=\"lazy\" width=\"573\" height=\"1024\" data-id=\"586\"  src=\"http:\/\/turismopalencia.digital\/wp-content\/uploads\/2022\/02\/16226222835_2c11c72245_b.jpg\" alt=\"\" class=\"wp-image-586\" srcset=\"https:\/\/turismopalencia.digital\/wp-content\/uploads\/2022\/02\/16226222835_2c11c72245_b.jpg 573w, https:\/\/turismopalencia.digital\/wp-content\/uploads\/2022\/02\/16226222835_2c11c72245_b-168x300.jpg 168w, https:\/\/turismopalencia.digital\/wp-content\/uploads\/2022\/02\/16226222835_2c11c72245_b-6x10.jpg 6w\" sizes=\"(max-width: 573px) 100vw, 573px\" \/><\/figure>\n<\/figure>\n\n\n\n<hr class=\"wp-block-separator\"\/>\n\n\n\n<p><strong>Calle Mayor Principal, 54<\/strong><br><strong>34001 Palencia<\/strong><\/p>\n\n\n\n<hr class=\"wp-block-separator\"\/>\n\n\n\n<div class=\"wp-container-1 wp-block-buttons\">\n<div class=\"wp-block-button\"><a class=\"wp-block-button__link\" href=\"https:\/\/www.google.com\/maps\/place\/Consejo+de+Cuentas+de+Castilla+y+Le%C3%B3n\/@42.0102169,-4.5333699,15z\/data=!4m2!3m1!1s0x0:0xc752fd1f3d7ea3f5?sa=X&amp;ved=2ahUKEwjfzM_wnYn2AhU-hP0HHQ-aBbsQ_BJ6BAgtEAU\" target=\"_blank\" rel=\"noreferrer noopener\">C\u00f3mo llegar<\/a><\/div>\n<\/div>\n\n\n\n<hr class=\"wp-block-separator\"\/>\n\n\n\n<hr class=\"wp-block-separator\"\/>\n","protected":false},"excerpt":{"rendered":"<p>El Consejo de Cuentas de Castilla y Le\u00f3n es la instituci\u00f3n dependiente de las Cortes de Castilla y Le\u00f3n que realiza las funciones de fiscalizaci\u00f3n &hellip;<\/p>\n","protected":false},"author":1,"featured_media":1298,"parent":0,"menu_order":0,"comment_status":"closed","ping_status":"closed","template":"","meta":{"_monsterinsights_skip_tracking":false,"_monsterinsights_sitenote_active":false,"_monsterinsights_sitenote_note":"","_monsterinsights_sitenote_category":0},"_links":{"self":[{"href":"https:\/\/turismopalencia.digital\/index.php\/wp-json\/wp\/v2\/pages\/248"}],"collection":[{"href":"https:\/\/turismopalencia.digital\/index.php\/wp-json\/wp\/v2\/pages"}],"about":[{"href":"https:\/\/turismopalencia.digital\/index.php\/wp-json\/wp\/v2\/types\/page"}],"author":[{"embeddable":true,"href":"https:\/\/turismopalencia.digital\/index.php\/wp-json\/wp\/v2\/users\/1"}],"replies":[{"embeddable":true,"href":"https:\/\/turismopalencia.digital\/index.php\/wp-json\/wp\/v2\/comments?post=248"}],"version-history":[{"count":3,"href":"https:\/\/turismopalencia.digital\/index.php\/wp-json\/wp\/v2\/pages\/248\/revisions"}],"predecessor-version":[{"id":1299,"href":"https:\/\/turismopalencia.digital\/index.php\/wp-json\/wp\/v2\/pages\/248\/revisions\/1299"}],"wp:featuredmedia":[{"embeddable":true,"href":"https:\/\/turismopalencia.digital\/index.php\/wp-json\/wp\/v2\/media\/1298"}],"wp:attachment":[{"href":"https:\/\/turismopalencia.digital\/index.php\/wp-json\/wp\/v2\/media?parent=248"}],"curies":[{"name":"wp","href":"https:\/\/api.w.org\/{rel}","templated":true}]}}