{"id":252,"date":"2022-02-17T22:18:10","date_gmt":"2022-02-17T22:18:10","guid":{"rendered":"http:\/\/turismopalencia.digital\/?page_id=252"},"modified":"2022-04-04T20:21:14","modified_gmt":"2022-04-04T20:21:14","slug":"isla-dos-aguas","status":"publish","type":"page","link":"https:\/\/turismopalencia.digital\/index.php\/isla-dos-aguas\/","title":{"rendered":"Isla Dos Aguas"},"content":{"rendered":"\n<hr class=\"wp-block-separator\"\/>\n\n\n\n<figure class=\"wp-block-image size-full is-resized\"><img loading=\"lazy\" src=\"http:\/\/turismopalencia.digital\/wp-content\/uploads\/2022\/02\/isla-02.jpg\" alt=\"\" class=\"wp-image-616\" width=\"1240\" height=\"827\" srcset=\"https:\/\/turismopalencia.digital\/wp-content\/uploads\/2022\/02\/isla-02.jpg 900w, https:\/\/turismopalencia.digital\/wp-content\/uploads\/2022\/02\/isla-02-300x200.jpg 300w, https:\/\/turismopalencia.digital\/wp-content\/uploads\/2022\/02\/isla-02-768x512.jpg 768w, https:\/\/turismopalencia.digital\/wp-content\/uploads\/2022\/02\/isla-02-15x10.jpg 15w\" sizes=\"(max-width: 1240px) 100vw, 1240px\" \/><figcaption>Isla Dos Aguas<\/figcaption><\/figure>\n\n\n\n<hr class=\"wp-block-separator\"\/>\n\n\n\n<p><strong>Es un parque acogedor, tranquilo, sereno\u2026 un lugar al que la gente acude tanto a descansar como a realizar deporte, o a pasar una tarde especial junto a su familia o sus amigos. Para entrar en \u00e9l hay que cruzar un puente frente a la Iglesia de San Miguel , ya que est\u00e1 situado en la margen derecha del r\u00edo Carri\u00f3n.<\/strong><\/p>\n\n\n\n<hr class=\"wp-block-separator\"\/>\n\n\n\n<figure class=\"wp-block-gallery has-nested-images columns-default is-cropped\">\n<figure class=\"wp-block-image size-large\"><img loading=\"lazy\" width=\"425\" height=\"283\" data-id=\"619\"  src=\"http:\/\/turismopalencia.digital\/wp-content\/uploads\/2022\/02\/00011047.jpg\" alt=\"\" class=\"wp-image-619\" srcset=\"https:\/\/turismopalencia.digital\/wp-content\/uploads\/2022\/02\/00011047.jpg 425w, https:\/\/turismopalencia.digital\/wp-content\/uploads\/2022\/02\/00011047-300x200.jpg 300w, https:\/\/turismopalencia.digital\/wp-content\/uploads\/2022\/02\/00011047-15x10.jpg 15w\" sizes=\"(max-width: 425px) 100vw, 425px\" \/><\/figure>\n\n\n\n<figure class=\"wp-block-image size-large\"><img loading=\"lazy\" width=\"1024\" height=\"768\" data-id=\"620\"  src=\"http:\/\/turismopalencia.digital\/wp-content\/uploads\/2022\/02\/121132825.jpg\" alt=\"\" class=\"wp-image-620\" srcset=\"https:\/\/turismopalencia.digital\/wp-content\/uploads\/2022\/02\/121132825.jpg 1024w, https:\/\/turismopalencia.digital\/wp-content\/uploads\/2022\/02\/121132825-300x225.jpg 300w, https:\/\/turismopalencia.digital\/wp-content\/uploads\/2022\/02\/121132825-768x576.jpg 768w, https:\/\/turismopalencia.digital\/wp-content\/uploads\/2022\/02\/121132825-13x10.jpg 13w\" sizes=\"(max-width: 1024px) 100vw, 1024px\" \/><\/figure>\n\n\n\n<figure class=\"wp-block-image size-large\"><img loading=\"lazy\" width=\"1024\" height=\"301\" data-id=\"622\"  src=\"http:\/\/turismopalencia.digital\/wp-content\/uploads\/2022\/02\/11905587324_6a4f357cd8_b.jpg\" alt=\"\" class=\"wp-image-622\" srcset=\"https:\/\/turismopalencia.digital\/wp-content\/uploads\/2022\/02\/11905587324_6a4f357cd8_b.jpg 1024w, https:\/\/turismopalencia.digital\/wp-content\/uploads\/2022\/02\/11905587324_6a4f357cd8_b-300x88.jpg 300w, https:\/\/turismopalencia.digital\/wp-content\/uploads\/2022\/02\/11905587324_6a4f357cd8_b-768x226.jpg 768w, https:\/\/turismopalencia.digital\/wp-content\/uploads\/2022\/02\/11905587324_6a4f357cd8_b-34x10.jpg 34w\" sizes=\"(max-width: 1024px) 100vw, 1024px\" \/><\/figure>\n\n\n\n<figure class=\"wp-block-image size-large\"><img loading=\"lazy\" width=\"371\" height=\"278\" data-id=\"618\"  src=\"http:\/\/turismopalencia.digital\/wp-content\/uploads\/2022\/02\/campo-municipal-de-golf-isla-dos-aguas_012623_full-1.jpg\" alt=\"\" class=\"wp-image-618\" srcset=\"https:\/\/turismopalencia.digital\/wp-content\/uploads\/2022\/02\/campo-municipal-de-golf-isla-dos-aguas_012623_full-1.jpg 371w, https:\/\/turismopalencia.digital\/wp-content\/uploads\/2022\/02\/campo-municipal-de-golf-isla-dos-aguas_012623_full-1-300x225.jpg 300w, https:\/\/turismopalencia.digital\/wp-content\/uploads\/2022\/02\/campo-municipal-de-golf-isla-dos-aguas_012623_full-1-13x10.jpg 13w\" sizes=\"(max-width: 371px) 100vw, 371px\" \/><\/figure>\n\n\n\n<figure class=\"wp-block-image size-large\"><img loading=\"lazy\" width=\"720\" height=\"540\" data-id=\"621\"  src=\"http:\/\/turismopalencia.digital\/wp-content\/uploads\/2022\/02\/isla-dos-aguas.jpg\" alt=\"\" class=\"wp-image-621\" srcset=\"https:\/\/turismopalencia.digital\/wp-content\/uploads\/2022\/02\/isla-dos-aguas.jpg 720w, https:\/\/turismopalencia.digital\/wp-content\/uploads\/2022\/02\/isla-dos-aguas-300x225.jpg 300w, https:\/\/turismopalencia.digital\/wp-content\/uploads\/2022\/02\/isla-dos-aguas-13x10.jpg 13w\" sizes=\"(max-width: 720px) 100vw, 720px\" \/><\/figure>\n<\/figure>\n\n\n\n<hr class=\"wp-block-separator\"\/>\n\n\n\n<p><strong>Avenida Donantes de Sangre<\/strong><br><strong>34005 Palencia<\/strong><\/p>\n\n\n\n<hr class=\"wp-block-separator\"\/>\n\n\n\n<div class=\"wp-container-1 wp-block-buttons\">\n<div class=\"wp-block-button\"><a class=\"wp-block-button__link\" href=\"https:\/\/www.google.com\/maps\/place\/Av.+Isla+Dos+Aguas,+34005+Palencia\/data=!4m2!3m1!1s0xd47b0391b1de7e9:0x754dcc81d693c037?sa=X&amp;ved=2ahUKEwja36yHoYn2AhXLgP0HHSg3D9sQ8gF6BAgVEAE\" target=\"_blank\" rel=\"noreferrer noopener\">C\u00f3mo llegar<\/a><\/div>\n<\/div>\n\n\n\n<hr class=\"wp-block-separator\"\/>\n\n\n\n<hr class=\"wp-block-separator\"\/>\n","protected":false},"excerpt":{"rendered":"<p>Es un parque acogedor, tranquilo, sereno\u2026 un lugar al que la gente acude tanto a descansar como a realizar deporte, o a pasar una tarde &hellip;<\/p>\n","protected":false},"author":1,"featured_media":1305,"parent":0,"menu_order":0,"comment_status":"closed","ping_status":"closed","template":"","meta":{"_monsterinsights_skip_tracking":false,"_monsterinsights_sitenote_active":false,"_monsterinsights_sitenote_note":"","_monsterinsights_sitenote_category":0},"_links":{"self":[{"href":"https:\/\/turismopalencia.digital\/index.php\/wp-json\/wp\/v2\/pages\/252"}],"collection":[{"href":"https:\/\/turismopalencia.digital\/index.php\/wp-json\/wp\/v2\/pages"}],"about":[{"href":"https:\/\/turismopalencia.digital\/index.php\/wp-json\/wp\/v2\/types\/page"}],"author":[{"embeddable":true,"href":"https:\/\/turismopalencia.digital\/index.php\/wp-json\/wp\/v2\/users\/1"}],"replies":[{"embeddable":true,"href":"https:\/\/turismopalencia.digital\/index.php\/wp-json\/wp\/v2\/comments?post=252"}],"version-history":[{"count":2,"href":"https:\/\/turismopalencia.digital\/index.php\/wp-json\/wp\/v2\/pages\/252\/revisions"}],"predecessor-version":[{"id":623,"href":"https:\/\/turismopalencia.digital\/index.php\/wp-json\/wp\/v2\/pages\/252\/revisions\/623"}],"wp:featuredmedia":[{"embeddable":true,"href":"https:\/\/turismopalencia.digital\/index.php\/wp-json\/wp\/v2\/media\/1305"}],"wp:attachment":[{"href":"https:\/\/turismopalencia.digital\/index.php\/wp-json\/wp\/v2\/media?parent=252"}],"curies":[{"name":"wp","href":"https:\/\/api.w.org\/{rel}","templated":true}]}}