{"id":253,"date":"2022-02-17T22:18:10","date_gmt":"2022-02-17T22:18:10","guid":{"rendered":"http:\/\/turismopalencia.digital\/?page_id=253"},"modified":"2022-04-04T20:22:37","modified_gmt":"2022-04-04T20:22:37","slug":"jardinillos-de-la-estacion","status":"publish","type":"page","link":"https:\/\/turismopalencia.digital\/index.php\/jardinillos-de-la-estacion\/","title":{"rendered":"Jardinillos de la Estaci\u00f3n"},"content":{"rendered":"\n<hr class=\"wp-block-separator\"\/>\n\n\n\n<figure class=\"wp-block-gallery has-nested-images columns-default is-cropped\">\n<figure class=\"wp-block-image size-large\"><img loading=\"lazy\" width=\"770\" height=\"507\" data-id=\"627\"  src=\"http:\/\/turismopalencia.digital\/wp-content\/uploads\/2022\/02\/1472026980_030832_1472027278_noticia_normal.jpg\" alt=\"\" class=\"wp-image-627\" srcset=\"https:\/\/turismopalencia.digital\/wp-content\/uploads\/2022\/02\/1472026980_030832_1472027278_noticia_normal.jpg 770w, https:\/\/turismopalencia.digital\/wp-content\/uploads\/2022\/02\/1472026980_030832_1472027278_noticia_normal-300x198.jpg 300w, https:\/\/turismopalencia.digital\/wp-content\/uploads\/2022\/02\/1472026980_030832_1472027278_noticia_normal-768x506.jpg 768w, https:\/\/turismopalencia.digital\/wp-content\/uploads\/2022\/02\/1472026980_030832_1472027278_noticia_normal-15x10.jpg 15w\" sizes=\"(max-width: 770px) 100vw, 770px\" \/><\/figure>\n\n\n\n<figure class=\"wp-block-image size-large\"><img loading=\"lazy\" width=\"800\" height=\"600\" data-id=\"628\"  src=\"http:\/\/turismopalencia.digital\/wp-content\/uploads\/2022\/02\/3277160684_d50efd5763_b.jpg\" alt=\"\" class=\"wp-image-628\" srcset=\"https:\/\/turismopalencia.digital\/wp-content\/uploads\/2022\/02\/3277160684_d50efd5763_b.jpg 800w, https:\/\/turismopalencia.digital\/wp-content\/uploads\/2022\/02\/3277160684_d50efd5763_b-300x225.jpg 300w, https:\/\/turismopalencia.digital\/wp-content\/uploads\/2022\/02\/3277160684_d50efd5763_b-768x576.jpg 768w, https:\/\/turismopalencia.digital\/wp-content\/uploads\/2022\/02\/3277160684_d50efd5763_b-13x10.jpg 13w\" sizes=\"(max-width: 800px) 100vw, 800px\" \/><\/figure>\n<figcaption class=\"blocks-gallery-caption\">Jardinillos de la estaci\u00f3n. Palomar<\/figcaption><\/figure>\n\n\n\n<hr class=\"wp-block-separator\"\/>\n\n\n\n<p><strong>M\u00e1s conocido por los palentinos simplemente como Jardinillos fue inaugurado en el a\u00f1o 1875 junto con la estaci\u00f3n del Norte y fue creado para proporcionar un digno p\u00f3rtico de acceso a la ciudad.<\/strong><br><strong>&nbsp;&nbsp;&nbsp;&nbsp;&nbsp;La actual superficie de 26.130 m2 se alcanz\u00f3 tras la remodelaci\u00f3n realizada a comienzos de la d\u00e9cada de 1980 que, respetando el peculiar palomar construido a principios de siglo, concretamente en 1925 por Fernando Unamuno Lizarraga y con la incorporaci\u00f3n de un peque\u00f1o auditorio (anfiteatro), una cascada y un canal. La zona verde se complementa con el peque\u00f1o Parque de San Pablo&#8230;<\/strong><br><strong>&nbsp;&nbsp;&nbsp;&nbsp;Un controvertido proyecto de remodelaci\u00f3n se ha llevado a cabo.<\/strong><br><strong>&nbsp;&nbsp;Se ha convertido el entorno de la estaci\u00f3n de tren, el Parque de los Jardinillos y el inicio de la calle Mayor en un nuevo punto neur\u00e1lgico de la ciudad accesible y limpio, y para lograrlo se han invertido 2,3 millones de euros, gracias a la colaboraci\u00f3n de los Fondos Europeos EDUSI, al estar integrada dentro del Plan de Acci\u00f3n de Gobierno 2015-2019 y la Junta de Castilla y Le\u00f3n.<\/strong><br><strong>Movimientos vecinales protestaron contra la tala de 73 \u00e1rboles ( Febrero2020 ) .<\/strong><\/p>\n\n\n\n<hr class=\"wp-block-separator\"\/>\n\n\n\n<figure class=\"wp-block-gallery has-nested-images columns-default is-cropped\">\n<figure class=\"wp-block-image size-large\"><img loading=\"lazy\" width=\"1024\" height=\"622\" data-id=\"632\"  src=\"http:\/\/turismopalencia.digital\/wp-content\/uploads\/2022\/02\/Nuevo-Parque-Jardinillos-Palencia-Proyecto-Cosiendo-Palencia-1-1024x622.jpg\" alt=\"\" class=\"wp-image-632\" srcset=\"https:\/\/turismopalencia.digital\/wp-content\/uploads\/2022\/02\/Nuevo-Parque-Jardinillos-Palencia-Proyecto-Cosiendo-Palencia-1-1024x622.jpg 1024w, https:\/\/turismopalencia.digital\/wp-content\/uploads\/2022\/02\/Nuevo-Parque-Jardinillos-Palencia-Proyecto-Cosiendo-Palencia-1-300x182.jpg 300w, https:\/\/turismopalencia.digital\/wp-content\/uploads\/2022\/02\/Nuevo-Parque-Jardinillos-Palencia-Proyecto-Cosiendo-Palencia-1-768x467.jpg 768w, https:\/\/turismopalencia.digital\/wp-content\/uploads\/2022\/02\/Nuevo-Parque-Jardinillos-Palencia-Proyecto-Cosiendo-Palencia-1-1536x933.jpg 1536w, https:\/\/turismopalencia.digital\/wp-content\/uploads\/2022\/02\/Nuevo-Parque-Jardinillos-Palencia-Proyecto-Cosiendo-Palencia-1-16x10.jpg 16w, https:\/\/turismopalencia.digital\/wp-content\/uploads\/2022\/02\/Nuevo-Parque-Jardinillos-Palencia-Proyecto-Cosiendo-Palencia-1.jpg 1600w\" sizes=\"(max-width: 1024px) 100vw, 1024px\" \/><\/figure>\n\n\n\n<figure class=\"wp-block-image size-large\"><img loading=\"lazy\" width=\"1024\" height=\"576\" data-id=\"630\"  src=\"http:\/\/turismopalencia.digital\/wp-content\/uploads\/2022\/02\/Nuevo-Parque-Jardinillos-Palencia-Proyecto-Cosiendo-Palencia-2-1024x576.jpg\" alt=\"\" class=\"wp-image-630\" srcset=\"https:\/\/turismopalencia.digital\/wp-content\/uploads\/2022\/02\/Nuevo-Parque-Jardinillos-Palencia-Proyecto-Cosiendo-Palencia-2-1024x576.jpg 1024w, https:\/\/turismopalencia.digital\/wp-content\/uploads\/2022\/02\/Nuevo-Parque-Jardinillos-Palencia-Proyecto-Cosiendo-Palencia-2-300x169.jpg 300w, https:\/\/turismopalencia.digital\/wp-content\/uploads\/2022\/02\/Nuevo-Parque-Jardinillos-Palencia-Proyecto-Cosiendo-Palencia-2-768x432.jpg 768w, https:\/\/turismopalencia.digital\/wp-content\/uploads\/2022\/02\/Nuevo-Parque-Jardinillos-Palencia-Proyecto-Cosiendo-Palencia-2-1536x864.jpg 1536w, https:\/\/turismopalencia.digital\/wp-content\/uploads\/2022\/02\/Nuevo-Parque-Jardinillos-Palencia-Proyecto-Cosiendo-Palencia-2-18x10.jpg 18w, https:\/\/turismopalencia.digital\/wp-content\/uploads\/2022\/02\/Nuevo-Parque-Jardinillos-Palencia-Proyecto-Cosiendo-Palencia-2.jpg 1600w\" sizes=\"(max-width: 1024px) 100vw, 1024px\" \/><\/figure>\n\n\n\n<figure class=\"wp-block-image size-large\"><img loading=\"lazy\" width=\"1024\" height=\"576\" data-id=\"633\"  src=\"http:\/\/turismopalencia.digital\/wp-content\/uploads\/2022\/02\/Nuevo-Parque-Jardinillos-Palencia-Proyecto-Cosiendo-Palencia-3-1-1024x576.jpg\" alt=\"\" class=\"wp-image-633\" srcset=\"https:\/\/turismopalencia.digital\/wp-content\/uploads\/2022\/02\/Nuevo-Parque-Jardinillos-Palencia-Proyecto-Cosiendo-Palencia-3-1-1024x576.jpg 1024w, https:\/\/turismopalencia.digital\/wp-content\/uploads\/2022\/02\/Nuevo-Parque-Jardinillos-Palencia-Proyecto-Cosiendo-Palencia-3-1-300x169.jpg 300w, https:\/\/turismopalencia.digital\/wp-content\/uploads\/2022\/02\/Nuevo-Parque-Jardinillos-Palencia-Proyecto-Cosiendo-Palencia-3-1-768x432.jpg 768w, https:\/\/turismopalencia.digital\/wp-content\/uploads\/2022\/02\/Nuevo-Parque-Jardinillos-Palencia-Proyecto-Cosiendo-Palencia-3-1-1536x864.jpg 1536w, https:\/\/turismopalencia.digital\/wp-content\/uploads\/2022\/02\/Nuevo-Parque-Jardinillos-Palencia-Proyecto-Cosiendo-Palencia-3-1-18x10.jpg 18w, https:\/\/turismopalencia.digital\/wp-content\/uploads\/2022\/02\/Nuevo-Parque-Jardinillos-Palencia-Proyecto-Cosiendo-Palencia-3-1.jpg 1600w\" sizes=\"(max-width: 1024px) 100vw, 1024px\" \/><\/figure>\n\n\n\n<figure class=\"wp-block-image size-large\"><img loading=\"lazy\" width=\"1024\" height=\"594\" data-id=\"631\"  src=\"http:\/\/turismopalencia.digital\/wp-content\/uploads\/2022\/02\/Nuevo-Parque-Jardinillos-Palencia-Proyecto-Cosiendo-Palencia-4-1024x594.jpg\" alt=\"\" class=\"wp-image-631\" srcset=\"https:\/\/turismopalencia.digital\/wp-content\/uploads\/2022\/02\/Nuevo-Parque-Jardinillos-Palencia-Proyecto-Cosiendo-Palencia-4-1024x594.jpg 1024w, https:\/\/turismopalencia.digital\/wp-content\/uploads\/2022\/02\/Nuevo-Parque-Jardinillos-Palencia-Proyecto-Cosiendo-Palencia-4-300x174.jpg 300w, https:\/\/turismopalencia.digital\/wp-content\/uploads\/2022\/02\/Nuevo-Parque-Jardinillos-Palencia-Proyecto-Cosiendo-Palencia-4-768x445.jpg 768w, https:\/\/turismopalencia.digital\/wp-content\/uploads\/2022\/02\/Nuevo-Parque-Jardinillos-Palencia-Proyecto-Cosiendo-Palencia-4-1536x891.jpg 1536w, https:\/\/turismopalencia.digital\/wp-content\/uploads\/2022\/02\/Nuevo-Parque-Jardinillos-Palencia-Proyecto-Cosiendo-Palencia-4-17x10.jpg 17w, https:\/\/turismopalencia.digital\/wp-content\/uploads\/2022\/02\/Nuevo-Parque-Jardinillos-Palencia-Proyecto-Cosiendo-Palencia-4.jpg 1600w\" sizes=\"(max-width: 1024px) 100vw, 1024px\" \/><\/figure>\n<figcaption class=\"blocks-gallery-caption\">Nuevos Jardinillos<\/figcaption><\/figure>\n\n\n\n<hr class=\"wp-block-separator\"\/>\n\n\n\n<figure class=\"wp-block-gallery has-nested-images columns-default is-cropped\">\n<figure class=\"wp-block-image size-large\"><img loading=\"lazy\" width=\"800\" height=\"522\" data-id=\"634\"  src=\"http:\/\/turismopalencia.digital\/wp-content\/uploads\/2022\/02\/A1-1201494010.jpg\" alt=\"\" class=\"wp-image-634\" srcset=\"https:\/\/turismopalencia.digital\/wp-content\/uploads\/2022\/02\/A1-1201494010.jpg 800w, https:\/\/turismopalencia.digital\/wp-content\/uploads\/2022\/02\/A1-1201494010-300x196.jpg 300w, https:\/\/turismopalencia.digital\/wp-content\/uploads\/2022\/02\/A1-1201494010-768x501.jpg 768w, https:\/\/turismopalencia.digital\/wp-content\/uploads\/2022\/02\/A1-1201494010-15x10.jpg 15w\" sizes=\"(max-width: 800px) 100vw, 800px\" \/><\/figure>\n\n\n\n<figure class=\"wp-block-image size-large\"><img loading=\"lazy\" width=\"800\" height=\"533\" data-id=\"635\"  src=\"http:\/\/turismopalencia.digital\/wp-content\/uploads\/2022\/02\/A1-1201494027.jpg\" alt=\"\" class=\"wp-image-635\" srcset=\"https:\/\/turismopalencia.digital\/wp-content\/uploads\/2022\/02\/A1-1201494027.jpg 800w, https:\/\/turismopalencia.digital\/wp-content\/uploads\/2022\/02\/A1-1201494027-300x200.jpg 300w, https:\/\/turismopalencia.digital\/wp-content\/uploads\/2022\/02\/A1-1201494027-768x512.jpg 768w, https:\/\/turismopalencia.digital\/wp-content\/uploads\/2022\/02\/A1-1201494027-15x10.jpg 15w\" sizes=\"(max-width: 800px) 100vw, 800px\" \/><\/figure>\n<figcaption class=\"blocks-gallery-caption\">Viejos Jardinillos<\/figcaption><\/figure>\n\n\n\n<hr class=\"wp-block-separator\"\/>\n\n\n\n<p><strong>Jardinillos de la Estaci\u00f3n<\/strong><br><strong>34005 Palencia<\/strong><\/p>\n\n\n\n<hr class=\"wp-block-separator\"\/>\n\n\n\n<div class=\"wp-container-1 wp-block-buttons\">\n<div class=\"wp-block-button\"><a class=\"wp-block-button__link\" href=\"https:\/\/www.google.com\/search?q=jardinillos++de+la+estacion+palencia&amp;rlz=1C1CHBF_esES919ES919&amp;tbm=lcl&amp;sxsrf=APq-WBtMnVazG2qPWS6nk8_RYAAQlFqwGw%3A1645188019208&amp;ei=s5MPYvykDP7j7_UPhOir4A0&amp;oq=jardinillos++de+la+estacion+palencia&amp;gs_l=psy-ab.3...2187.2187.0.3174.1.1.0.0.0.0.106.106.0j1.1.0....0...1c.1.64.psy-ab..0.0.0....0.mDL4zkZ143I#rlfi=hd:;si:;mv:[[42.015746,-4.5338557999999995],[42.0148139,-4.534984199999999]];tbs:lrf:!1m4!1u2!2m2!2m1!1e1!2m1!1e2!3sIAE,lf:1,lf_ui:2\" target=\"_blank\" rel=\"noreferrer noopener\">C\u00f3mo llegar<\/a><\/div>\n<\/div>\n\n\n\n<hr class=\"wp-block-separator\"\/>\n\n\n\n<hr class=\"wp-block-separator\"\/>\n","protected":false},"excerpt":{"rendered":"<p>M\u00e1s conocido por los palentinos simplemente como Jardinillos fue inaugurado en el a\u00f1o 1875 junto con la estaci\u00f3n del Norte y fue creado para proporcionar &hellip;<\/p>\n","protected":false},"author":1,"featured_media":1306,"parent":0,"menu_order":0,"comment_status":"closed","ping_status":"closed","template":"","meta":{"_monsterinsights_skip_tracking":false,"_monsterinsights_sitenote_active":false,"_monsterinsights_sitenote_note":"","_monsterinsights_sitenote_category":0},"_links":{"self":[{"href":"https:\/\/turismopalencia.digital\/index.php\/wp-json\/wp\/v2\/pages\/253"}],"collection":[{"href":"https:\/\/turismopalencia.digital\/index.php\/wp-json\/wp\/v2\/pages"}],"about":[{"href":"https:\/\/turismopalencia.digital\/index.php\/wp-json\/wp\/v2\/types\/page"}],"author":[{"embeddable":true,"href":"https:\/\/turismopalencia.digital\/index.php\/wp-json\/wp\/v2\/users\/1"}],"replies":[{"embeddable":true,"href":"https:\/\/turismopalencia.digital\/index.php\/wp-json\/wp\/v2\/comments?post=253"}],"version-history":[{"count":4,"href":"https:\/\/turismopalencia.digital\/index.php\/wp-json\/wp\/v2\/pages\/253\/revisions"}],"predecessor-version":[{"id":1307,"href":"https:\/\/turismopalencia.digital\/index.php\/wp-json\/wp\/v2\/pages\/253\/revisions\/1307"}],"wp:featuredmedia":[{"embeddable":true,"href":"https:\/\/turismopalencia.digital\/index.php\/wp-json\/wp\/v2\/media\/1306"}],"wp:attachment":[{"href":"https:\/\/turismopalencia.digital\/index.php\/wp-json\/wp\/v2\/media?parent=253"}],"curies":[{"name":"wp","href":"https:\/\/api.w.org\/{rel}","templated":true}]}}