{"id":258,"date":"2022-02-17T22:18:10","date_gmt":"2022-02-17T22:18:10","guid":{"rendered":"http:\/\/turismopalencia.digital\/?page_id=258"},"modified":"2022-04-04T20:30:08","modified_gmt":"2022-04-04T20:30:08","slug":"plaza-de-abastos","status":"publish","type":"page","link":"https:\/\/turismopalencia.digital\/index.php\/plaza-de-abastos\/","title":{"rendered":"Plaza de Abastos"},"content":{"rendered":"\n<hr class=\"wp-block-separator\"\/>\n\n\n\n<figure class=\"wp-block-image size-full is-resized\"><img loading=\"lazy\" src=\"http:\/\/turismopalencia.digital\/wp-content\/uploads\/2022\/02\/palencia15.jpg\" alt=\"\" class=\"wp-image-672\" width=\"1239\" height=\"811\" srcset=\"https:\/\/turismopalencia.digital\/wp-content\/uploads\/2022\/02\/palencia15.jpg 567w, https:\/\/turismopalencia.digital\/wp-content\/uploads\/2022\/02\/palencia15-300x196.jpg 300w, https:\/\/turismopalencia.digital\/wp-content\/uploads\/2022\/02\/palencia15-15x10.jpg 15w\" sizes=\"(max-width: 1239px) 100vw, 1239px\" \/><figcaption>Plaza de Abastos<\/figcaption><\/figure>\n\n\n\n<hr class=\"wp-block-separator\"\/>\n\n\n\n<p><strong>Fue en 1895 cuando el joven arquitecto municipal, Juan Agapito y Revilla, redact\u00f3 el proyecto del Mercado de Palencia. Ese mismo a\u00f1o, m\u00e1s en concreto el 4 de septiembre, se coloc\u00f3 la primera piedra de la Plaza de Abastos Municipal de Palencia, proyecto que Agapito y Revilla desarroll\u00f3 junto al constructor palentino Julio Petrement y cuyas obras se prolongaron durante tres a\u00f1os.<\/strong><br><strong>En este singular proyecto se apost\u00f3 por la m\u00e1s nueva tecnolog\u00eda existente en el momento: la del hierro. \u00c9sta se empezaba a aplicar en puentes, estaciones, palacios de exposiciones&#8230; pero en Palencia, adem\u00e1s, se utiliz\u00f3 una innovadora t\u00e9cnica constructiva que, heredada del Mercado Central de Par\u00eds o del Palacio de Cristal del Parque del Retiro de Madrid, mezcla el hierro, fundido en talleres palentinos, con el cristal, sin necesidad de aplicar un solo punto de soldadura.<\/strong><\/p>\n\n\n\n<hr class=\"wp-block-separator\"\/>\n\n\n\n<figure class=\"wp-block-gallery has-nested-images columns-default is-cropped\">\n<figure class=\"wp-block-image size-large\"><img loading=\"lazy\" width=\"800\" height=\"509\" data-id=\"675\"  src=\"http:\/\/turismopalencia.digital\/wp-content\/uploads\/2022\/02\/A1-1200696979-1.jpg\" alt=\"\" class=\"wp-image-675\" srcset=\"https:\/\/turismopalencia.digital\/wp-content\/uploads\/2022\/02\/A1-1200696979-1.jpg 800w, https:\/\/turismopalencia.digital\/wp-content\/uploads\/2022\/02\/A1-1200696979-1-300x191.jpg 300w, https:\/\/turismopalencia.digital\/wp-content\/uploads\/2022\/02\/A1-1200696979-1-768x489.jpg 768w, https:\/\/turismopalencia.digital\/wp-content\/uploads\/2022\/02\/A1-1200696979-1-16x10.jpg 16w\" sizes=\"(max-width: 800px) 100vw, 800px\" \/><\/figure>\n\n\n\n<figure class=\"wp-block-image size-large\"><img loading=\"lazy\" width=\"644\" height=\"544\" data-id=\"679\"  src=\"http:\/\/turismopalencia.digital\/wp-content\/uploads\/2022\/02\/CC880CCA-F1B1-2D27-79E384B5C457F77D.jpg\" alt=\"\" class=\"wp-image-679\" srcset=\"https:\/\/turismopalencia.digital\/wp-content\/uploads\/2022\/02\/CC880CCA-F1B1-2D27-79E384B5C457F77D.jpg 644w, https:\/\/turismopalencia.digital\/wp-content\/uploads\/2022\/02\/CC880CCA-F1B1-2D27-79E384B5C457F77D-300x253.jpg 300w, https:\/\/turismopalencia.digital\/wp-content\/uploads\/2022\/02\/CC880CCA-F1B1-2D27-79E384B5C457F77D-12x10.jpg 12w\" sizes=\"(max-width: 644px) 100vw, 644px\" \/><\/figure>\n\n\n\n<figure class=\"wp-block-image size-large\"><img loading=\"lazy\" width=\"575\" height=\"323\" data-id=\"677\"  src=\"http:\/\/turismopalencia.digital\/wp-content\/uploads\/2022\/02\/Imagen-plaza-de-abastos-4291-575x323-1.jpg\" alt=\"\" class=\"wp-image-677\" srcset=\"https:\/\/turismopalencia.digital\/wp-content\/uploads\/2022\/02\/Imagen-plaza-de-abastos-4291-575x323-1.jpg 575w, https:\/\/turismopalencia.digital\/wp-content\/uploads\/2022\/02\/Imagen-plaza-de-abastos-4291-575x323-1-300x169.jpg 300w, https:\/\/turismopalencia.digital\/wp-content\/uploads\/2022\/02\/Imagen-plaza-de-abastos-4291-575x323-1-18x10.jpg 18w\" sizes=\"(max-width: 575px) 100vw, 575px\" \/><\/figure>\n\n\n\n<figure class=\"wp-block-image size-large\"><img loading=\"lazy\" width=\"567\" height=\"371\" data-id=\"674\"  src=\"http:\/\/turismopalencia.digital\/wp-content\/uploads\/2022\/02\/palencia15-1.jpg\" alt=\"\" class=\"wp-image-674\" srcset=\"https:\/\/turismopalencia.digital\/wp-content\/uploads\/2022\/02\/palencia15-1.jpg 567w, https:\/\/turismopalencia.digital\/wp-content\/uploads\/2022\/02\/palencia15-1-300x196.jpg 300w, https:\/\/turismopalencia.digital\/wp-content\/uploads\/2022\/02\/palencia15-1-15x10.jpg 15w\" sizes=\"(max-width: 567px) 100vw, 567px\" \/><\/figure>\n\n\n\n<figure class=\"wp-block-image size-large\"><img loading=\"lazy\" width=\"575\" height=\"323\" data-id=\"676\"  src=\"http:\/\/turismopalencia.digital\/wp-content\/uploads\/2022\/02\/pl-01-575x323-1.jpg\" alt=\"\" class=\"wp-image-676\" srcset=\"https:\/\/turismopalencia.digital\/wp-content\/uploads\/2022\/02\/pl-01-575x323-1.jpg 575w, https:\/\/turismopalencia.digital\/wp-content\/uploads\/2022\/02\/pl-01-575x323-1-300x169.jpg 300w, https:\/\/turismopalencia.digital\/wp-content\/uploads\/2022\/02\/pl-01-575x323-1-18x10.jpg 18w\" sizes=\"(max-width: 575px) 100vw, 575px\" \/><\/figure>\n\n\n\n<figure class=\"wp-block-image size-large\"><img loading=\"lazy\" width=\"450\" height=\"209\" data-id=\"678\"  src=\"http:\/\/turismopalencia.digital\/wp-content\/uploads\/2022\/02\/unnamed1.jpg\" alt=\"\" class=\"wp-image-678\" srcset=\"https:\/\/turismopalencia.digital\/wp-content\/uploads\/2022\/02\/unnamed1.jpg 450w, https:\/\/turismopalencia.digital\/wp-content\/uploads\/2022\/02\/unnamed1-300x139.jpg 300w, https:\/\/turismopalencia.digital\/wp-content\/uploads\/2022\/02\/unnamed1-22x10.jpg 22w\" sizes=\"(max-width: 450px) 100vw, 450px\" \/><\/figure>\n<figcaption class=\"blocks-gallery-caption\">Plaza de Abastos<\/figcaption><\/figure>\n\n\n\n<hr class=\"wp-block-separator\"\/>\n\n\n\n<figure class=\"wp-block-image size-full\"><img loading=\"lazy\" width=\"720\" height=\"460\" src=\"http:\/\/turismopalencia.digital\/wp-content\/uploads\/2022\/02\/36165579.jpg\" alt=\"\" class=\"wp-image-680\" srcset=\"https:\/\/turismopalencia.digital\/wp-content\/uploads\/2022\/02\/36165579.jpg 720w, https:\/\/turismopalencia.digital\/wp-content\/uploads\/2022\/02\/36165579-300x192.jpg 300w, https:\/\/turismopalencia.digital\/wp-content\/uploads\/2022\/02\/36165579-16x10.jpg 16w\" sizes=\"(max-width: 720px) 100vw, 720px\" \/><figcaption>Plaza de Abastos en tiempos pasados<\/figcaption><\/figure>\n\n\n\n<hr class=\"wp-block-separator\"\/>\n\n\n\n<p><strong>Calle Felipe Prieto, 1<\/strong><br><strong>34001 Palencia<\/strong><\/p>\n\n\n\n<hr class=\"wp-block-separator\"\/>\n\n\n\n<div class=\"wp-container-1 wp-block-buttons\">\n<div class=\"wp-block-button\"><a class=\"wp-block-button__link\" href=\"https:\/\/www.google.com\/maps\/place\/Plaza+Municipal+de+Abastos\/@42.0104942,-4.5315375,15z\/data=!4m2!3m1!1s0x0:0xd4d2e17dd66fa3a4?sa=X&amp;ved=2ahUKEwix-vzFqIn2AhUO3xoKHUGgBSYQ_BJ6BAghEAU\" target=\"_blank\" rel=\"noreferrer noopener\">C\u00f3mo llegar<\/a><\/div>\n<\/div>\n\n\n\n<hr class=\"wp-block-separator\"\/>\n\n\n\n<hr class=\"wp-block-separator\"\/>\n","protected":false},"excerpt":{"rendered":"<p>Fue en 1895 cuando el joven arquitecto municipal, Juan Agapito y Revilla, redact\u00f3 el proyecto del Mercado de Palencia. Ese mismo a\u00f1o, m\u00e1s en concreto &hellip;<\/p>\n","protected":false},"author":1,"featured_media":1314,"parent":0,"menu_order":0,"comment_status":"closed","ping_status":"closed","template":"","meta":{"_monsterinsights_skip_tracking":false,"_monsterinsights_sitenote_active":false,"_monsterinsights_sitenote_note":"","_monsterinsights_sitenote_category":0},"_links":{"self":[{"href":"https:\/\/turismopalencia.digital\/index.php\/wp-json\/wp\/v2\/pages\/258"}],"collection":[{"href":"https:\/\/turismopalencia.digital\/index.php\/wp-json\/wp\/v2\/pages"}],"about":[{"href":"https:\/\/turismopalencia.digital\/index.php\/wp-json\/wp\/v2\/types\/page"}],"author":[{"embeddable":true,"href":"https:\/\/turismopalencia.digital\/index.php\/wp-json\/wp\/v2\/users\/1"}],"replies":[{"embeddable":true,"href":"https:\/\/turismopalencia.digital\/index.php\/wp-json\/wp\/v2\/comments?post=258"}],"version-history":[{"count":3,"href":"https:\/\/turismopalencia.digital\/index.php\/wp-json\/wp\/v2\/pages\/258\/revisions"}],"predecessor-version":[{"id":682,"href":"https:\/\/turismopalencia.digital\/index.php\/wp-json\/wp\/v2\/pages\/258\/revisions\/682"}],"wp:featuredmedia":[{"embeddable":true,"href":"https:\/\/turismopalencia.digital\/index.php\/wp-json\/wp\/v2\/media\/1314"}],"wp:attachment":[{"href":"https:\/\/turismopalencia.digital\/index.php\/wp-json\/wp\/v2\/media?parent=258"}],"curies":[{"name":"wp","href":"https:\/\/api.w.org\/{rel}","templated":true}]}}

<hr class="wp-block-separator"/>



<figure class="wp-block-image size-full is-resized"><img loading="lazy" src="http://turismopalencia.digital/wp-content/uploads/2022/02/palencia15.jpg" alt="" class="wp-image-672" width="1239" height="811" srcset="https://turismopalencia.digital/wp-content/uploads/2022/02/palencia15.jpg 567w, https://turismopalencia.digital/wp-content/uploads/2022/02/palencia15-300x196.jpg 300w, https://turismopalencia.digital/wp-content/uploads/2022/02/palencia15-15x10.jpg 15w" sizes="(max-width: 1239px) 100vw, 1239px" /><figcaption>Plaza de Abastos</figcaption></figure>



<hr class="wp-block-separator"/>



<p><strong>Fue en 1895 cuando el joven arquitecto municipal, Juan Agapito y Revilla, redactó el proyecto del Mercado de Palencia. Ese mismo año, más en concreto el 4 de septiembre, se colocó la primera piedra de la Plaza de Abastos Municipal de Palencia, proyecto que Agapito y Revilla desarrolló junto al constructor palentino Julio Petrement y cuyas obras se prolongaron durante tres años.</strong><br><strong>En este singular proyecto se apostó por la más nueva tecnología existente en el momento: la del hierro. Ésta se empezaba a aplicar en puentes, estaciones, palacios de exposiciones&#8230; pero en Palencia, además, se utilizó una innovadora técnica constructiva que, heredada del Mercado Central de París o del Palacio de Cristal del Parque del Retiro de Madrid, mezcla el hierro, fundido en talleres palentinos, con el cristal, sin necesidad de aplicar un solo punto de soldadura.</strong></p>



<hr class="wp-block-separator"/>



<figure class="wp-block-gallery has-nested-images columns-default is-cropped">
<figure class="wp-block-image size-large"><img loading="lazy" width="800" height="509" data-id="675"  src="http://turismopalencia.digital/wp-content/uploads/2022/02/A1-1200696979-1.jpg" alt="" class="wp-image-675" srcset="https://turismopalencia.digital/wp-content/uploads/2022/02/A1-1200696979-1.jpg 800w, https://turismopalencia.digital/wp-content/uploads/2022/02/A1-1200696979-1-300x191.jpg 300w, https://turismopalencia.digital/wp-content/uploads/2022/02/A1-1200696979-1-768x489.jpg 768w, https://turismopalencia.digital/wp-content/uploads/2022/02/A1-1200696979-1-16x10.jpg 16w" sizes="(max-width: 800px) 100vw, 800px" /></figure>



<figure class="wp-block-image size-large"><img loading="lazy" width="644" height="544" data-id="679"  src="http://turismopalencia.digital/wp-content/uploads/2022/02/CC880CCA-F1B1-2D27-79E384B5C457F77D.jpg" alt="" class="wp-image-679" srcset="https://turismopalencia.digital/wp-content/uploads/2022/02/CC880CCA-F1B1-2D27-79E384B5C457F77D.jpg 644w, https://turismopalencia.digital/wp-content/uploads/2022/02/CC880CCA-F1B1-2D27-79E384B5C457F77D-300x253.jpg 300w, https://turismopalencia.digital/wp-content/uploads/2022/02/CC880CCA-F1B1-2D27-79E384B5C457F77D-12x10.jpg 12w" sizes="(max-width: 644px) 100vw, 644px" /></figure>



<figure class="wp-block-image size-large"><img loading="lazy" width="575" height="323" data-id="677"  src="http://turismopalencia.digital/wp-content/uploads/2022/02/Imagen-plaza-de-abastos-4291-575x323-1.jpg" alt="" class="wp-image-677" srcset="https://turismopalencia.digital/wp-content/uploads/2022/02/Imagen-plaza-de-abastos-4291-575x323-1.jpg 575w, https://turismopalencia.digital/wp-content/uploads/2022/02/Imagen-plaza-de-abastos-4291-575x323-1-300x169.jpg 300w, https://turismopalencia.digital/wp-content/uploads/2022/02/Imagen-plaza-de-abastos-4291-575x323-1-18x10.jpg 18w" sizes="(max-width: 575px) 100vw, 575px" /></figure>



<figure class="wp-block-image size-large"><img loading="lazy" width="567" height="371" data-id="674"  src="http://turismopalencia.digital/wp-content/uploads/2022/02/palencia15-1.jpg" alt="" class="wp-image-674" srcset="https://turismopalencia.digital/wp-content/uploads/2022/02/palencia15-1.jpg 567w, https://turismopalencia.digital/wp-content/uploads/2022/02/palencia15-1-300x196.jpg 300w, https://turismopalencia.digital/wp-content/uploads/2022/02/palencia15-1-15x10.jpg 15w" sizes="(max-width: 567px) 100vw, 567px" /></figure>



<figure class="wp-block-image size-large"><img loading="lazy" width="575" height="323" data-id="676"  src="http://turismopalencia.digital/wp-content/uploads/2022/02/pl-01-575x323-1.jpg" alt="" class="wp-image-676" srcset="https://turismopalencia.digital/wp-content/uploads/2022/02/pl-01-575x323-1.jpg 575w, https://turismopalencia.digital/wp-content/uploads/2022/02/pl-01-575x323-1-300x169.jpg 300w, https://turismopalencia.digital/wp-content/uploads/2022/02/pl-01-575x323-1-18x10.jpg 18w" sizes="(max-width: 575px) 100vw, 575px" /></figure>



<figure class="wp-block-image size-large"><img loading="lazy" width="450" height="209" data-id="678"  src="http://turismopalencia.digital/wp-content/uploads/2022/02/unnamed1.jpg" alt="" class="wp-image-678" srcset="https://turismopalencia.digital/wp-content/uploads/2022/02/unnamed1.jpg 450w, https://turismopalencia.digital/wp-content/uploads/2022/02/unnamed1-300x139.jpg 300w, https://turismopalencia.digital/wp-content/uploads/2022/02/unnamed1-22x10.jpg 22w" sizes="(max-width: 450px) 100vw, 450px" /></figure>
<figcaption class="blocks-gallery-caption">Plaza de Abastos</figcaption></figure>



<hr class="wp-block-separator"/>



<figure class="wp-block-image size-full"><img loading="lazy" width="720" height="460" src="http://turismopalencia.digital/wp-content/uploads/2022/02/36165579.jpg" alt="" class="wp-image-680" srcset="https://turismopalencia.digital/wp-content/uploads/2022/02/36165579.jpg 720w, https://turismopalencia.digital/wp-content/uploads/2022/02/36165579-300x192.jpg 300w, https://turismopalencia.digital/wp-content/uploads/2022/02/36165579-16x10.jpg 16w" sizes="(max-width: 720px) 100vw, 720px" /><figcaption>Plaza de Abastos en tiempos pasados</figcaption></figure>



<hr class="wp-block-separator"/>



<p><strong>Calle Felipe Prieto, 1</strong><br><strong>34001 Palencia</strong></p>



<hr class="wp-block-separator"/>



<div class="wp-container-1 wp-block-buttons">
<div class="wp-block-button"><a class="wp-block-button__link" href="https://www.google.com/maps/place/Plaza+Municipal+de+Abastos/@42.0104942,-4.5315375,15z/data=!4m2!3m1!1s0x0:0xd4d2e17dd66fa3a4?sa=X&amp;ved=2ahUKEwix-vzFqIn2AhUO3xoKHUGgBSYQ_BJ6BAghEAU" target="_blank" rel="noreferrer noopener">Cómo llegar</a></div>
</div>



<hr class="wp-block-separator"/>



<hr class="wp-block-separator"/>

<p>Fue en 1895 cuando el joven arquitecto municipal, Juan Agapito y Revilla, redactó el proyecto del Mercado de Palencia. Ese mismo año, más en concreto &hellip;</p>
