{"id":259,"date":"2022-02-17T22:18:10","date_gmt":"2022-02-17T22:18:10","guid":{"rendered":"http:\/\/turismopalencia.digital\/?page_id=259"},"modified":"2022-04-04T20:32:10","modified_gmt":"2022-04-04T20:32:10","slug":"plaza-de-toros","status":"publish","type":"page","link":"https:\/\/turismopalencia.digital\/index.php\/plaza-de-toros\/","title":{"rendered":"Plaza de Toros"},"content":{"rendered":"\n<hr class=\"wp-block-separator\"\/>\n\n\n\n<figure class=\"wp-block-image size-large is-resized\"><img loading=\"lazy\" src=\"http:\/\/turismopalencia.digital\/wp-content\/uploads\/2022\/02\/1417449811-1-1024x576.jpg\" alt=\"\" class=\"wp-image-684\" width=\"1239\" height=\"697\" srcset=\"https:\/\/turismopalencia.digital\/wp-content\/uploads\/2022\/02\/1417449811-1-1024x576.jpg 1024w, https:\/\/turismopalencia.digital\/wp-content\/uploads\/2022\/02\/1417449811-1-300x169.jpg 300w, https:\/\/turismopalencia.digital\/wp-content\/uploads\/2022\/02\/1417449811-1-768x432.jpg 768w, https:\/\/turismopalencia.digital\/wp-content\/uploads\/2022\/02\/1417449811-1-1536x864.jpg 1536w, https:\/\/turismopalencia.digital\/wp-content\/uploads\/2022\/02\/1417449811-1-18x10.jpg 18w, https:\/\/turismopalencia.digital\/wp-content\/uploads\/2022\/02\/1417449811-1.jpg 1600w\" sizes=\"(max-width: 1239px) 100vw, 1239px\" \/><figcaption>Plaza de Toros Campos G\u00f3ticos<\/figcaption><\/figure>\n\n\n\n<hr class=\"wp-block-separator\"\/>\n\n\n\n<p><strong>La plaza de toros de Palencia &#8220;Campos G\u00f3ticos&#8221; fue inaugurada el 2 de septiembre de 1976, festividad de San Antol\u00edn, y dise\u00f1ada por el arquitecto Luis Guti\u00e9rrez Gallego, emple\u00e1ndose 100 d\u00edas en su construcci\u00f3n por la empresa arandina, (hoy ya extinta), &#8220;Construcciones Bigar S.A.&#8221;.<\/strong><br><strong>&nbsp;&nbsp;&nbsp;&nbsp;&nbsp;Su aforo es de algo m\u00e1s de 10.000 localidades.<\/strong><br><strong>&nbsp;&nbsp;&nbsp;&nbsp;&nbsp;Pr\u00f3ximamente ser\u00e1 remodelada para el mejor aprovechamiento de espacios, embellecida en su interior y exterior y, adem\u00e1s, ser\u00e1 cubierta.<\/strong><\/p>\n\n\n\n<hr class=\"wp-block-separator\"\/>\n\n\n\n<figure class=\"wp-block-gallery has-nested-images columns-default is-cropped\">\n<figure class=\"wp-block-image size-large\"><img loading=\"lazy\" width=\"1024\" height=\"595\" data-id=\"687\"  src=\"http:\/\/turismopalencia.digital\/wp-content\/uploads\/2022\/02\/1436173704_Plaza_de_toros_de_Palencia-1024x595.jpeg\" alt=\"\" class=\"wp-image-687\" srcset=\"https:\/\/turismopalencia.digital\/wp-content\/uploads\/2022\/02\/1436173704_Plaza_de_toros_de_Palencia-1024x595.jpeg 1024w, https:\/\/turismopalencia.digital\/wp-content\/uploads\/2022\/02\/1436173704_Plaza_de_toros_de_Palencia-300x174.jpeg 300w, https:\/\/turismopalencia.digital\/wp-content\/uploads\/2022\/02\/1436173704_Plaza_de_toros_de_Palencia-768x446.jpeg 768w, https:\/\/turismopalencia.digital\/wp-content\/uploads\/2022\/02\/1436173704_Plaza_de_toros_de_Palencia-1536x892.jpeg 1536w, https:\/\/turismopalencia.digital\/wp-content\/uploads\/2022\/02\/1436173704_Plaza_de_toros_de_Palencia-17x10.jpeg 17w, https:\/\/turismopalencia.digital\/wp-content\/uploads\/2022\/02\/1436173704_Plaza_de_toros_de_Palencia.jpeg 1722w\" sizes=\"(max-width: 1024px) 100vw, 1024px\" \/><\/figure>\n\n\n\n<figure class=\"wp-block-image size-large\"><img loading=\"lazy\" width=\"1024\" height=\"454\" data-id=\"686\"  src=\"http:\/\/turismopalencia.digital\/wp-content\/uploads\/2022\/02\/palencia3-3-1024x454.jpg\" alt=\"\" class=\"wp-image-686\" srcset=\"https:\/\/turismopalencia.digital\/wp-content\/uploads\/2022\/02\/palencia3-3-1024x454.jpg 1024w, https:\/\/turismopalencia.digital\/wp-content\/uploads\/2022\/02\/palencia3-3-300x133.jpg 300w, https:\/\/turismopalencia.digital\/wp-content\/uploads\/2022\/02\/palencia3-3-768x340.jpg 768w, https:\/\/turismopalencia.digital\/wp-content\/uploads\/2022\/02\/palencia3-3-23x10.jpg 23w, https:\/\/turismopalencia.digital\/wp-content\/uploads\/2022\/02\/palencia3-3.jpg 1200w\" sizes=\"(max-width: 1024px) 100vw, 1024px\" \/><\/figure>\n<figcaption class=\"blocks-gallery-caption\">Plaza de Toros Campos G\u00f3ticos<\/figcaption><\/figure>\n\n\n\n<hr class=\"wp-block-separator\"\/>\n\n\n\n<figure class=\"wp-block-gallery has-nested-images columns-default is-cropped\">\n<figure class=\"wp-block-image size-large\"><img loading=\"lazy\" width=\"823\" height=\"600\" data-id=\"689\"  src=\"http:\/\/turismopalencia.digital\/wp-content\/uploads\/2022\/02\/renovacion-plaza-toros-palencia-005.jpg\" alt=\"\" class=\"wp-image-689\" srcset=\"https:\/\/turismopalencia.digital\/wp-content\/uploads\/2022\/02\/renovacion-plaza-toros-palencia-005.jpg 823w, https:\/\/turismopalencia.digital\/wp-content\/uploads\/2022\/02\/renovacion-plaza-toros-palencia-005-300x219.jpg 300w, https:\/\/turismopalencia.digital\/wp-content\/uploads\/2022\/02\/renovacion-plaza-toros-palencia-005-768x560.jpg 768w, https:\/\/turismopalencia.digital\/wp-content\/uploads\/2022\/02\/renovacion-plaza-toros-palencia-005-14x10.jpg 14w, https:\/\/turismopalencia.digital\/wp-content\/uploads\/2022\/02\/renovacion-plaza-toros-palencia-005-413x300.jpg 413w\" sizes=\"(max-width: 823px) 100vw, 823px\" \/><\/figure>\n\n\n\n<figure class=\"wp-block-image size-large\"><img loading=\"lazy\" width=\"800\" height=\"600\" data-id=\"688\"  src=\"http:\/\/turismopalencia.digital\/wp-content\/uploads\/2022\/02\/renovacion-plaza-toros-palencia-007.jpg\" alt=\"\" class=\"wp-image-688\" srcset=\"https:\/\/turismopalencia.digital\/wp-content\/uploads\/2022\/02\/renovacion-plaza-toros-palencia-007.jpg 800w, https:\/\/turismopalencia.digital\/wp-content\/uploads\/2022\/02\/renovacion-plaza-toros-palencia-007-300x225.jpg 300w, https:\/\/turismopalencia.digital\/wp-content\/uploads\/2022\/02\/renovacion-plaza-toros-palencia-007-768x576.jpg 768w, https:\/\/turismopalencia.digital\/wp-content\/uploads\/2022\/02\/renovacion-plaza-toros-palencia-007-13x10.jpg 13w\" sizes=\"(max-width: 800px) 100vw, 800px\" \/><\/figure>\n\n\n\n<figure class=\"wp-block-image size-large\"><img loading=\"lazy\" width=\"1024\" height=\"512\" data-id=\"695\"  src=\"http:\/\/turismopalencia.digital\/wp-content\/uploads\/2022\/02\/renovacion-plaza-toros-palencia-003-1024x512.jpg\" alt=\"\" class=\"wp-image-695\" srcset=\"https:\/\/turismopalencia.digital\/wp-content\/uploads\/2022\/02\/renovacion-plaza-toros-palencia-003-1024x512.jpg 1024w, https:\/\/turismopalencia.digital\/wp-content\/uploads\/2022\/02\/renovacion-plaza-toros-palencia-003-300x150.jpg 300w, https:\/\/turismopalencia.digital\/wp-content\/uploads\/2022\/02\/renovacion-plaza-toros-palencia-003-768x384.jpg 768w, https:\/\/turismopalencia.digital\/wp-content\/uploads\/2022\/02\/renovacion-plaza-toros-palencia-003-20x10.jpg 20w, https:\/\/turismopalencia.digital\/wp-content\/uploads\/2022\/02\/renovacion-plaza-toros-palencia-003.jpg 1200w\" sizes=\"(max-width: 1024px) 100vw, 1024px\" \/><\/figure>\n<figcaption class=\"blocks-gallery-caption\">Proyecto de remodelaci\u00f3n de la Plaza de Toros<\/figcaption><\/figure>\n\n\n\n<hr class=\"wp-block-separator\"\/>\n\n\n\n<figure class=\"wp-block-gallery has-nested-images columns-default is-cropped\">\n<figure class=\"wp-block-image size-large\"><img loading=\"lazy\" width=\"236\" height=\"163\" data-id=\"690\"  src=\"http:\/\/turismopalencia.digital\/wp-content\/uploads\/2022\/02\/9015788f615a05edb833f54bad56753a-man-vs-carne.jpg\" alt=\"\" class=\"wp-image-690\" srcset=\"https:\/\/turismopalencia.digital\/wp-content\/uploads\/2022\/02\/9015788f615a05edb833f54bad56753a-man-vs-carne.jpg 236w, https:\/\/turismopalencia.digital\/wp-content\/uploads\/2022\/02\/9015788f615a05edb833f54bad56753a-man-vs-carne-14x10.jpg 14w\" sizes=\"(max-width: 236px) 100vw, 236px\" \/><\/figure>\n\n\n\n<figure class=\"wp-block-image size-large\"><img loading=\"lazy\" width=\"550\" height=\"309\" data-id=\"691\"  src=\"http:\/\/turismopalencia.digital\/wp-content\/uploads\/2022\/02\/38846772.jpg\" alt=\"\" class=\"wp-image-691\" srcset=\"https:\/\/turismopalencia.digital\/wp-content\/uploads\/2022\/02\/38846772.jpg 550w, https:\/\/turismopalencia.digital\/wp-content\/uploads\/2022\/02\/38846772-300x169.jpg 300w, https:\/\/turismopalencia.digital\/wp-content\/uploads\/2022\/02\/38846772-18x10.jpg 18w\" sizes=\"(max-width: 550px) 100vw, 550px\" \/><\/figure>\n<figcaption class=\"blocks-gallery-caption\">Antigua Plaza de Toros<\/figcaption><\/figure>\n\n\n\n<hr class=\"wp-block-separator\"\/>\n\n\n\n<p><strong>Avenida Campos G\u00f3ticos<\/strong><br><strong>34003 Palencia<\/strong><\/p>\n\n\n\n<p><strong>979 03 10 31<\/strong><\/p>\n\n\n\n<hr class=\"wp-block-separator\"\/>\n\n\n\n<div class=\"wp-container-1 wp-block-buttons\">\n<div class=\"wp-block-button\"><a class=\"wp-block-button__link\" href=\"https:\/\/www.google.com\/maps\/place\/Plaza+de+Toros+de+Palencia+-+Campos+G%C3%B3ticos\/@42.0164341,-4.5264302,15z\/data=!4m2!3m1!1s0x0:0xb76bdc4739bc0354?sa=X&amp;ved=2ahUKEwjR8_L2qYn2AhX6gv0HHZzSA_IQ_BJ6BAglEAU\" target=\"_blank\" rel=\"noreferrer noopener\">C\u00f3mo llegar<\/a><\/div>\n<\/div>\n\n\n\n<hr class=\"wp-block-separator\"\/>\n\n\n\n<hr class=\"wp-block-separator\"\/>\n","protected":false},"excerpt":{"rendered":"<p>La plaza de toros de Palencia &#8220;Campos G\u00f3ticos&#8221; fue inaugurada el 2 de septiembre de 1976, festividad de San Antol\u00edn, y dise\u00f1ada por el arquitecto &hellip;<\/p>\n","protected":false},"author":1,"featured_media":1315,"parent":0,"menu_order":0,"comment_status":"closed","ping_status":"closed","template":"","meta":{"_monsterinsights_skip_tracking":false,"_monsterinsights_sitenote_active":false,"_monsterinsights_sitenote_note":"","_monsterinsights_sitenote_category":0},"_links":{"self":[{"href":"https:\/\/turismopalencia.digital\/index.php\/wp-json\/wp\/v2\/pages\/259"}],"collection":[{"href":"https:\/\/turismopalencia.digital\/index.php\/wp-json\/wp\/v2\/pages"}],"about":[{"href":"https:\/\/turismopalencia.digital\/index.php\/wp-json\/wp\/v2\/types\/page"}],"author":[{"embeddable":true,"href":"https:\/\/turismopalencia.digital\/index.php\/wp-json\/wp\/v2\/users\/1"}],"replies":[{"embeddable":true,"href":"https:\/\/turismopalencia.digital\/index.php\/wp-json\/wp\/v2\/comments?post=259"}],"version-history":[{"count":5,"href":"https:\/\/turismopalencia.digital\/index.php\/wp-json\/wp\/v2\/pages\/259\/revisions"}],"predecessor-version":[{"id":1316,"href":"https:\/\/turismopalencia.digital\/index.php\/wp-json\/wp\/v2\/pages\/259\/revisions\/1316"}],"wp:featuredmedia":[{"embeddable":true,"href":"https:\/\/turismopalencia.digital\/index.php\/wp-json\/wp\/v2\/media\/1315"}],"wp:attachment":[{"href":"https:\/\/turismopalencia.digital\/index.php\/wp-json\/wp\/v2\/media?parent=259"}],"curies":[{"name":"wp","href":"https:\/\/api.w.org\/{rel}","templated":true}]}}