{"id":260,"date":"2022-02-17T22:18:10","date_gmt":"2022-02-17T22:18:10","guid":{"rendered":"http:\/\/turismopalencia.digital\/?page_id=260"},"modified":"2022-04-09T17:33:52","modified_gmt":"2022-04-09T17:33:52","slug":"plaza-mayor","status":"publish","type":"page","link":"https:\/\/turismopalencia.digital\/index.php\/plaza-mayor\/","title":{"rendered":"Plaza Mayor"},"content":{"rendered":"\n<hr class=\"wp-block-separator\"\/>\n\n\n\n<figure class=\"wp-block-image size-large\"><img loading=\"lazy\" width=\"1024\" height=\"461\" src=\"http:\/\/turismopalencia.digital\/wp-content\/uploads\/2022\/04\/1649525451480-1024x461.jpg\" alt=\"\" class=\"wp-image-1528\" srcset=\"https:\/\/turismopalencia.digital\/wp-content\/uploads\/2022\/04\/1649525451480-1024x461.jpg 1024w, https:\/\/turismopalencia.digital\/wp-content\/uploads\/2022\/04\/1649525451480-300x135.jpg 300w, https:\/\/turismopalencia.digital\/wp-content\/uploads\/2022\/04\/1649525451480-768x346.jpg 768w, https:\/\/turismopalencia.digital\/wp-content\/uploads\/2022\/04\/1649525451480-22x10.jpg 22w, https:\/\/turismopalencia.digital\/wp-content\/uploads\/2022\/04\/1649525451480.jpg 1080w\" sizes=\"(max-width: 1024px) 100vw, 1024px\" \/><figcaption>Plaza Mayor<\/figcaption><\/figure>\n\n\n\n<hr class=\"wp-block-separator\"\/>\n\n\n\n<p><strong>La Plaza Mayor de Palencia, creada en siglo XVII, se abre como un espacio de ocio, comercial y administrativo en el coraz\u00f3n de la capital palentina.<\/strong><br><strong>&nbsp;&nbsp;&nbsp;&nbsp;&nbsp;Cubierta de soportales en sus tres cuartas partes imita a la Calle Mayor cuyas columnas prism\u00e1ticas son su distintivo m\u00e1s original.<\/strong><br><strong>&nbsp;&nbsp;&nbsp;&nbsp;&nbsp;Tras numerosas reformas se puede decir que la Plaza Mayor ha conseguido una simetr\u00eda perfecta en la que tres de sus paredes est\u00e1n ocupadas por viviendas y comercios y la otra la ocupa la Casa Consistorial de Palencia que es uno de los m\u00e1s bellos monumentos neocl\u00e1sicos de Palencia.<\/strong><br><strong>&nbsp;&nbsp;&nbsp;&nbsp;&nbsp;La plaza est\u00e1 proyectada para disponer de cuadrados conc\u00e9ntricos cuyo centro es el singular monumento &#8220;al genial imaginero Alonso Berruguete&#8221; (seg\u00fan reza su inscripci\u00f3n) esculpido por Victorio Macho. Estos cuadrados conc\u00e9ntricos comienzan bajo los soportales y se conin\u00faan con la columnada que sostiene los miradores de las viviendas, despu\u00e9s, una fila de falsos pl\u00e1tanos (los m\u00e1s usados en los paseos de Palencia) paralelos a las columnas y con bancos de piedra y hierro intercalados entre los \u00e1rboles completan el tercer cuadrado. El cuarto cuadro est\u00e1 formado por cuatro farolas.<\/strong><\/p>\n\n\n\n<hr class=\"wp-block-separator\"\/>\n\n\n\n<figure class=\"wp-block-gallery has-nested-images columns-default is-cropped\">\n<figure class=\"wp-block-image size-large\"><img loading=\"lazy\" width=\"770\" height=\"433\" data-id=\"699\"  src=\"http:\/\/turismopalencia.digital\/wp-content\/uploads\/2022\/02\/1480674619_357741_1480683121_noticia_normal.jpg\" alt=\"\" class=\"wp-image-699\" srcset=\"https:\/\/turismopalencia.digital\/wp-content\/uploads\/2022\/02\/1480674619_357741_1480683121_noticia_normal.jpg 770w, https:\/\/turismopalencia.digital\/wp-content\/uploads\/2022\/02\/1480674619_357741_1480683121_noticia_normal-300x169.jpg 300w, https:\/\/turismopalencia.digital\/wp-content\/uploads\/2022\/02\/1480674619_357741_1480683121_noticia_normal-768x432.jpg 768w, https:\/\/turismopalencia.digital\/wp-content\/uploads\/2022\/02\/1480674619_357741_1480683121_noticia_normal-18x10.jpg 18w\" sizes=\"(max-width: 770px) 100vw, 770px\" \/><\/figure>\n\n\n\n<figure class=\"wp-block-image size-large\"><img loading=\"lazy\" width=\"1024\" height=\"768\" data-id=\"700\"  src=\"http:\/\/turismopalencia.digital\/wp-content\/uploads\/2022\/02\/plaza-1-1024x768.jpg\" alt=\"\" class=\"wp-image-700\" srcset=\"https:\/\/turismopalencia.digital\/wp-content\/uploads\/2022\/02\/plaza-1-1024x768.jpg 1024w, https:\/\/turismopalencia.digital\/wp-content\/uploads\/2022\/02\/plaza-1-300x225.jpg 300w, https:\/\/turismopalencia.digital\/wp-content\/uploads\/2022\/02\/plaza-1-768x576.jpg 768w, https:\/\/turismopalencia.digital\/wp-content\/uploads\/2022\/02\/plaza-1-1536x1152.jpg 1536w, https:\/\/turismopalencia.digital\/wp-content\/uploads\/2022\/02\/plaza-1-13x10.jpg 13w, https:\/\/turismopalencia.digital\/wp-content\/uploads\/2022\/02\/plaza-1.jpg 1600w\" sizes=\"(max-width: 1024px) 100vw, 1024px\" \/><\/figure>\n\n\n\n<figure class=\"wp-block-image size-large\"><img loading=\"lazy\" width=\"1024\" height=\"768\" data-id=\"701\"  src=\"http:\/\/turismopalencia.digital\/wp-content\/uploads\/2022\/02\/plaza-mayor-1024x768.jpg\" alt=\"\" class=\"wp-image-701\" srcset=\"https:\/\/turismopalencia.digital\/wp-content\/uploads\/2022\/02\/plaza-mayor-1024x768.jpg 1024w, https:\/\/turismopalencia.digital\/wp-content\/uploads\/2022\/02\/plaza-mayor-300x225.jpg 300w, https:\/\/turismopalencia.digital\/wp-content\/uploads\/2022\/02\/plaza-mayor-768x576.jpg 768w, https:\/\/turismopalencia.digital\/wp-content\/uploads\/2022\/02\/plaza-mayor-1536x1152.jpg 1536w, https:\/\/turismopalencia.digital\/wp-content\/uploads\/2022\/02\/plaza-mayor-2048x1536.jpg 2048w, https:\/\/turismopalencia.digital\/wp-content\/uploads\/2022\/02\/plaza-mayor-13x10.jpg 13w\" sizes=\"(max-width: 1024px) 100vw, 1024px\" \/><\/figure>\n\n\n\n<figure class=\"wp-block-image size-large\"><img loading=\"lazy\" width=\"1024\" height=\"768\" data-id=\"702\"  src=\"http:\/\/turismopalencia.digital\/wp-content\/uploads\/2022\/02\/por-arte-de-magia-013-1024x768.jpg\" alt=\"\" class=\"wp-image-702\" srcset=\"https:\/\/turismopalencia.digital\/wp-content\/uploads\/2022\/02\/por-arte-de-magia-013-1024x768.jpg 1024w, https:\/\/turismopalencia.digital\/wp-content\/uploads\/2022\/02\/por-arte-de-magia-013-300x225.jpg 300w, https:\/\/turismopalencia.digital\/wp-content\/uploads\/2022\/02\/por-arte-de-magia-013-768x576.jpg 768w, https:\/\/turismopalencia.digital\/wp-content\/uploads\/2022\/02\/por-arte-de-magia-013-1536x1152.jpg 1536w, https:\/\/turismopalencia.digital\/wp-content\/uploads\/2022\/02\/por-arte-de-magia-013-2048x1536.jpg 2048w, https:\/\/turismopalencia.digital\/wp-content\/uploads\/2022\/02\/por-arte-de-magia-013-13x10.jpg 13w\" sizes=\"(max-width: 1024px) 100vw, 1024px\" \/><\/figure>\n<\/figure>\n\n\n\n<hr class=\"wp-block-separator\"\/>\n\n\n\n<figure class=\"wp-block-gallery has-nested-images columns-default is-cropped\">\n<figure class=\"wp-block-image size-large\"><img loading=\"lazy\" width=\"403\" height=\"270\" data-id=\"705\"  src=\"http:\/\/turismopalencia.digital\/wp-content\/uploads\/2022\/02\/15077994.jpg\" alt=\"\" class=\"wp-image-705\" srcset=\"https:\/\/turismopalencia.digital\/wp-content\/uploads\/2022\/02\/15077994.jpg 403w, https:\/\/turismopalencia.digital\/wp-content\/uploads\/2022\/02\/15077994-300x201.jpg 300w, https:\/\/turismopalencia.digital\/wp-content\/uploads\/2022\/02\/15077994-15x10.jpg 15w\" sizes=\"(max-width: 403px) 100vw, 403px\" \/><\/figure>\n\n\n\n<figure class=\"wp-block-image size-large\"><img loading=\"lazy\" width=\"550\" height=\"345\" data-id=\"704\"  src=\"http:\/\/turismopalencia.digital\/wp-content\/uploads\/2022\/02\/16491914.jpg\" alt=\"\" class=\"wp-image-704\" srcset=\"https:\/\/turismopalencia.digital\/wp-content\/uploads\/2022\/02\/16491914.jpg 550w, https:\/\/turismopalencia.digital\/wp-content\/uploads\/2022\/02\/16491914-300x188.jpg 300w, https:\/\/turismopalencia.digital\/wp-content\/uploads\/2022\/02\/16491914-16x10.jpg 16w\" sizes=\"(max-width: 550px) 100vw, 550px\" \/><\/figure>\n\n\n\n<figure class=\"wp-block-image size-large\"><img loading=\"lazy\" width=\"720\" height=\"480\" data-id=\"703\"  src=\"http:\/\/turismopalencia.digital\/wp-content\/uploads\/2022\/02\/85284476.jpg\" alt=\"\" class=\"wp-image-703\" srcset=\"https:\/\/turismopalencia.digital\/wp-content\/uploads\/2022\/02\/85284476.jpg 720w, https:\/\/turismopalencia.digital\/wp-content\/uploads\/2022\/02\/85284476-300x200.jpg 300w, https:\/\/turismopalencia.digital\/wp-content\/uploads\/2022\/02\/85284476-15x10.jpg 15w\" sizes=\"(max-width: 720px) 100vw, 720px\" \/><\/figure>\n<figcaption class=\"blocks-gallery-caption\">Plaza Mayor en el siglo XX<\/figcaption><\/figure>\n\n\n\n<hr class=\"wp-block-separator\"\/>\n\n\n\n<p><strong>Plaza Mayor<\/strong><br><strong>34001 Palencia<\/strong><\/p>\n\n\n\n<hr class=\"wp-block-separator\"\/>\n\n\n\n<div class=\"wp-container-1 wp-block-buttons\">\n<div class=\"wp-block-button\"><a class=\"wp-block-button__link\" href=\"https:\/\/www.google.com\/maps\/place\/Plaza+Mayor+de+Palencia\/@42.0107906,-4.5327341,15z\/data=!4m2!3m1!1s0x0:0xa8ed8f14cb924864?sa=X&amp;ved=2ahUKEwj5kM6wq4n2AhXaiP0HHesjBqwQ_BJ6BAgcEAU\" target=\"_blank\" rel=\"noreferrer noopener\">C\u00f3mo llegar<\/a><\/div>\n<\/div>\n\n\n\n<hr class=\"wp-block-separator\"\/>\n\n\n\n<hr class=\"wp-block-separator\"\/>\n","protected":false},"excerpt":{"rendered":"<p>La Plaza Mayor de Palencia, creada en siglo XVII, se abre como un espacio de ocio, comercial y administrativo en el coraz\u00f3n de la capital &hellip;<\/p>\n","protected":false},"author":1,"featured_media":1317,"parent":0,"menu_order":0,"comment_status":"closed","ping_status":"closed","template":"","meta":{"_monsterinsights_skip_tracking":false,"_monsterinsights_sitenote_active":false,"_monsterinsights_sitenote_note":"","_monsterinsights_sitenote_category":0},"_links":{"self":[{"href":"https:\/\/turismopalencia.digital\/index.php\/wp-json\/wp\/v2\/pages\/260"}],"collection":[{"href":"https:\/\/turismopalencia.digital\/index.php\/wp-json\/wp\/v2\/pages"}],"about":[{"href":"https:\/\/turismopalencia.digital\/index.php\/wp-json\/wp\/v2\/types\/page"}],"author":[{"embeddable":true,"href":"https:\/\/turismopalencia.digital\/index.php\/wp-json\/wp\/v2\/users\/1"}],"replies":[{"embeddable":true,"href":"https:\/\/turismopalencia.digital\/index.php\/wp-json\/wp\/v2\/comments?post=260"}],"version-history":[{"count":5,"href":"https:\/\/turismopalencia.digital\/index.php\/wp-json\/wp\/v2\/pages\/260\/revisions"}],"predecessor-version":[{"id":1529,"href":"https:\/\/turismopalencia.digital\/index.php\/wp-json\/wp\/v2\/pages\/260\/revisions\/1529"}],"wp:featuredmedia":[{"embeddable":true,"href":"https:\/\/turismopalencia.digital\/index.php\/wp-json\/wp\/v2\/media\/1317"}],"wp:attachment":[{"href":"https:\/\/turismopalencia.digital\/index.php\/wp-json\/wp\/v2\/media?parent=260"}],"curies":[{"name":"wp","href":"https:\/\/api.w.org\/{rel}","templated":true}]}}

<hr class="wp-block-separator"/>



<figure class="wp-block-image size-large"><img loading="lazy" width="1024" height="461" src="http://turismopalencia.digital/wp-content/uploads/2022/04/1649525451480-1024x461.jpg" alt="" class="wp-image-1528" srcset="https://turismopalencia.digital/wp-content/uploads/2022/04/1649525451480-1024x461.jpg 1024w, https://turismopalencia.digital/wp-content/uploads/2022/04/1649525451480-300x135.jpg 300w, https://turismopalencia.digital/wp-content/uploads/2022/04/1649525451480-768x346.jpg 768w, https://turismopalencia.digital/wp-content/uploads/2022/04/1649525451480-22x10.jpg 22w, https://turismopalencia.digital/wp-content/uploads/2022/04/1649525451480.jpg 1080w" sizes="(max-width: 1024px) 100vw, 1024px" /><figcaption>Plaza Mayor</figcaption></figure>



<hr class="wp-block-separator"/>



<p><strong>La Plaza Mayor de Palencia, creada en siglo XVII, se abre como un espacio de ocio, comercial y administrativo en el corazón de la capital palentina.</strong><br><strong>&nbsp;&nbsp;&nbsp;&nbsp;&nbsp;Cubierta de soportales en sus tres cuartas partes imita a la Calle Mayor cuyas columnas prismáticas son su distintivo más original.</strong><br><strong>&nbsp;&nbsp;&nbsp;&nbsp;&nbsp;Tras numerosas reformas se puede decir que la Plaza Mayor ha conseguido una simetría perfecta en la que tres de sus paredes están ocupadas por viviendas y comercios y la otra la ocupa la Casa Consistorial de Palencia que es uno de los más bellos monumentos neoclásicos de Palencia.</strong><br><strong>&nbsp;&nbsp;&nbsp;&nbsp;&nbsp;La plaza está proyectada para disponer de cuadrados concéntricos cuyo centro es el singular monumento &#8220;al genial imaginero Alonso Berruguete&#8221; (según reza su inscripción) esculpido por Victorio Macho. Estos cuadrados concéntricos comienzan bajo los soportales y se coninúan con la columnada que sostiene los miradores de las viviendas, después, una fila de falsos plátanos (los más usados en los paseos de Palencia) paralelos a las columnas y con bancos de piedra y hierro intercalados entre los árboles completan el tercer cuadrado. El cuarto cuadro está formado por cuatro farolas.</strong></p>



<hr class="wp-block-separator"/>



<figure class="wp-block-gallery has-nested-images columns-default is-cropped">
<figure class="wp-block-image size-large"><img loading="lazy" width="770" height="433" data-id="699"  src="http://turismopalencia.digital/wp-content/uploads/2022/02/1480674619_357741_1480683121_noticia_normal.jpg" alt="" class="wp-image-699" srcset="https://turismopalencia.digital/wp-content/uploads/2022/02/1480674619_357741_1480683121_noticia_normal.jpg 770w, https://turismopalencia.digital/wp-content/uploads/2022/02/1480674619_357741_1480683121_noticia_normal-300x169.jpg 300w, https://turismopalencia.digital/wp-content/uploads/2022/02/1480674619_357741_1480683121_noticia_normal-768x432.jpg 768w, https://turismopalencia.digital/wp-content/uploads/2022/02/1480674619_357741_1480683121_noticia_normal-18x10.jpg 18w" sizes="(max-width: 770px) 100vw, 770px" /></figure>



<figure class="wp-block-image size-large"><img loading="lazy" width="1024" height="768" data-id="700"  src="http://turismopalencia.digital/wp-content/uploads/2022/02/plaza-1-1024x768.jpg" alt="" class="wp-image-700" srcset="https://turismopalencia.digital/wp-content/uploads/2022/02/plaza-1-1024x768.jpg 1024w, https://turismopalencia.digital/wp-content/uploads/2022/02/plaza-1-300x225.jpg 300w, https://turismopalencia.digital/wp-content/uploads/2022/02/plaza-1-768x576.jpg 768w, https://turismopalencia.digital/wp-content/uploads/2022/02/plaza-1-1536x1152.jpg 1536w, https://turismopalencia.digital/wp-content/uploads/2022/02/plaza-1-13x10.jpg 13w, https://turismopalencia.digital/wp-content/uploads/2022/02/plaza-1.jpg 1600w" sizes="(max-width: 1024px) 100vw, 1024px" /></figure>



<figure class="wp-block-image size-large"><img loading="lazy" width="1024" height="768" data-id="701"  src="http://turismopalencia.digital/wp-content/uploads/2022/02/plaza-mayor-1024x768.jpg" alt="" class="wp-image-701" srcset="https://turismopalencia.digital/wp-content/uploads/2022/02/plaza-mayor-1024x768.jpg 1024w, https://turismopalencia.digital/wp-content/uploads/2022/02/plaza-mayor-300x225.jpg 300w, https://turismopalencia.digital/wp-content/uploads/2022/02/plaza-mayor-768x576.jpg 768w, https://turismopalencia.digital/wp-content/uploads/2022/02/plaza-mayor-1536x1152.jpg 1536w, https://turismopalencia.digital/wp-content/uploads/2022/02/plaza-mayor-2048x1536.jpg 2048w, https://turismopalencia.digital/wp-content/uploads/2022/02/plaza-mayor-13x10.jpg 13w" sizes="(max-width: 1024px) 100vw, 1024px" /></figure>



<figure class="wp-block-image size-large"><img loading="lazy" width="1024" height="768" data-id="702"  src="http://turismopalencia.digital/wp-content/uploads/2022/02/por-arte-de-magia-013-1024x768.jpg" alt="" class="wp-image-702" srcset="https://turismopalencia.digital/wp-content/uploads/2022/02/por-arte-de-magia-013-1024x768.jpg 1024w, https://turismopalencia.digital/wp-content/uploads/2022/02/por-arte-de-magia-013-300x225.jpg 300w, https://turismopalencia.digital/wp-content/uploads/2022/02/por-arte-de-magia-013-768x576.jpg 768w, https://turismopalencia.digital/wp-content/uploads/2022/02/por-arte-de-magia-013-1536x1152.jpg 1536w, https://turismopalencia.digital/wp-content/uploads/2022/02/por-arte-de-magia-013-2048x1536.jpg 2048w, https://turismopalencia.digital/wp-content/uploads/2022/02/por-arte-de-magia-013-13x10.jpg 13w" sizes="(max-width: 1024px) 100vw, 1024px" /></figure>
</figure>



<hr class="wp-block-separator"/>



<figure class="wp-block-gallery has-nested-images columns-default is-cropped">
<figure class="wp-block-image size-large"><img loading="lazy" width="403" height="270" data-id="705"  src="http://turismopalencia.digital/wp-content/uploads/2022/02/15077994.jpg" alt="" class="wp-image-705" srcset="https://turismopalencia.digital/wp-content/uploads/2022/02/15077994.jpg 403w, https://turismopalencia.digital/wp-content/uploads/2022/02/15077994-300x201.jpg 300w, https://turismopalencia.digital/wp-content/uploads/2022/02/15077994-15x10.jpg 15w" sizes="(max-width: 403px) 100vw, 403px" /></figure>



<figure class="wp-block-image size-large"><img loading="lazy" width="550" height="345" data-id="704"  src="http://turismopalencia.digital/wp-content/uploads/2022/02/16491914.jpg" alt="" class="wp-image-704" srcset="https://turismopalencia.digital/wp-content/uploads/2022/02/16491914.jpg 550w, https://turismopalencia.digital/wp-content/uploads/2022/02/16491914-300x188.jpg 300w, https://turismopalencia.digital/wp-content/uploads/2022/02/16491914-16x10.jpg 16w" sizes="(max-width: 550px) 100vw, 550px" /></figure>



<figure class="wp-block-image size-large"><img loading="lazy" width="720" height="480" data-id="703"  src="http://turismopalencia.digital/wp-content/uploads/2022/02/85284476.jpg" alt="" class="wp-image-703" srcset="https://turismopalencia.digital/wp-content/uploads/2022/02/85284476.jpg 720w, https://turismopalencia.digital/wp-content/uploads/2022/02/85284476-300x200.jpg 300w, https://turismopalencia.digital/wp-content/uploads/2022/02/85284476-15x10.jpg 15w" sizes="(max-width: 720px) 100vw, 720px" /></figure>
<figcaption class="blocks-gallery-caption">Plaza Mayor en el siglo XX</figcaption></figure>



<hr class="wp-block-separator"/>



<p><strong>Plaza Mayor</strong><br><strong>34001 Palencia</strong></p>



<hr class="wp-block-separator"/>



<div class="wp-container-1 wp-block-buttons">
<div class="wp-block-button"><a class="wp-block-button__link" href="https://www.google.com/maps/place/Plaza+Mayor+de+Palencia/@42.0107906,-4.5327341,15z/data=!4m2!3m1!1s0x0:0xa8ed8f14cb924864?sa=X&amp;ved=2ahUKEwj5kM6wq4n2AhXaiP0HHesjBqwQ_BJ6BAgcEAU" target="_blank" rel="noreferrer noopener">Cómo llegar</a></div>
</div>



<hr class="wp-block-separator"/>



<hr class="wp-block-separator"/>

<p>La Plaza Mayor de Palencia, creada en siglo XVII, se abre como un espacio de ocio, comercial y administrativo en el corazón de la capital &hellip;</p>
