{"id":262,"date":"2022-02-17T22:18:10","date_gmt":"2022-02-17T22:18:10","guid":{"rendered":"http:\/\/turismopalencia.digital\/?page_id=262"},"modified":"2022-04-04T20:36:09","modified_gmt":"2022-04-04T20:36:09","slug":"puente-de-hierro","status":"publish","type":"page","link":"https:\/\/turismopalencia.digital\/index.php\/puente-de-hierro\/","title":{"rendered":"Puente de Hierro"},"content":{"rendered":"\n<hr class=\"wp-block-separator\"\/>\n\n\n\n<figure class=\"wp-block-image size-full is-resized\"><img loading=\"lazy\" src=\"http:\/\/turismopalencia.digital\/wp-content\/uploads\/2022\/02\/puentedehierro_xoptimizadax-ku9B-U202282824984faG-575x323@Norte-Castilla-1.jpg\" alt=\"\" class=\"wp-image-715\" width=\"1240\" height=\"697\" srcset=\"https:\/\/turismopalencia.digital\/wp-content\/uploads\/2022\/02\/puentedehierro_xoptimizadax-ku9B-U202282824984faG-575x323@Norte-Castilla-1.jpg 575w, https:\/\/turismopalencia.digital\/wp-content\/uploads\/2022\/02\/puentedehierro_xoptimizadax-ku9B-U202282824984faG-575x323@Norte-Castilla-1-300x169.jpg 300w, https:\/\/turismopalencia.digital\/wp-content\/uploads\/2022\/02\/puentedehierro_xoptimizadax-ku9B-U202282824984faG-575x323@Norte-Castilla-1-18x10.jpg 18w\" sizes=\"(max-width: 1240px) 100vw, 1240px\" \/><figcaption>Puente de Hierro<\/figcaption><\/figure>\n\n\n\n<hr class=\"wp-block-separator\"\/>\n\n\n\n<p><strong>Fue mandado construir por el entonces director de Obras P\u00fablicas, Abilio Calder\u00f3n, en 1909.<\/strong><br><strong>Ah\u00ed hab\u00eda un puente de madera en p\u00e9simas condiciones que,<\/strong><br><strong>&nbsp;a\u00fan estando cerrado por esa causa por el Ayuntamiento, segu\u00eda siendo usado por los hortelanos<\/strong><br><strong>que ten\u00edan en el otro lado del r\u00edo huertas y por los que ven\u00edan por la carreterilla de Villamuriel.<\/strong><br><strong>El municipio acaba desmont\u00e1ndolo dejando como \u00fanica opci\u00f3n para pasar el r\u00edo el Puente Mayor. Obviamente pronto se plante\u00f3 a nivel social la necesidad de recuperar ese paso.<\/strong><br><strong>De hecho, el argumento de que era para que Abilio Calder\u00f3n llegase a su finca<\/strong><br><strong>es posterior a ese momento y, el propio Abilio, se neg\u00f3 a usar el nuevo Puente de Hierro<\/strong><br><strong>ante semejantes acusaciones,<\/strong><br><strong>&nbsp;m\u00e1s producto de la dial\u00e9ctica pol\u00edtica de la \u00e9poca que de la realidad.<\/strong><br><strong>Hoy su hierro se yergue todav\u00eda solemne y esbelto y comunica el centro de la ciudad con la zona deportiva (Parque de Isla Dos Aguas) y con el Hospital R\u00edo Carri\u00f3n.<\/strong><\/p>\n\n\n\n<hr class=\"wp-block-separator\"\/>\n\n\n\n<figure class=\"wp-block-gallery has-nested-images columns-default is-cropped\">\n<figure class=\"wp-block-image size-large\"><img loading=\"lazy\" width=\"1024\" height=\"685\" data-id=\"718\"  src=\"http:\/\/turismopalencia.digital\/wp-content\/uploads\/2022\/02\/43850774-1024x685.jpg\" alt=\"\" class=\"wp-image-718\" srcset=\"https:\/\/turismopalencia.digital\/wp-content\/uploads\/2022\/02\/43850774-1024x685.jpg 1024w, https:\/\/turismopalencia.digital\/wp-content\/uploads\/2022\/02\/43850774-300x201.jpg 300w, https:\/\/turismopalencia.digital\/wp-content\/uploads\/2022\/02\/43850774-768x514.jpg 768w, https:\/\/turismopalencia.digital\/wp-content\/uploads\/2022\/02\/43850774-1536x1028.jpg 1536w, https:\/\/turismopalencia.digital\/wp-content\/uploads\/2022\/02\/43850774-2048x1371.jpg 2048w, https:\/\/turismopalencia.digital\/wp-content\/uploads\/2022\/02\/43850774-15x10.jpg 15w\" sizes=\"(max-width: 1024px) 100vw, 1024px\" \/><\/figure>\n\n\n\n<figure class=\"wp-block-image size-large\"><img loading=\"lazy\" width=\"500\" height=\"332\" data-id=\"717\"  src=\"http:\/\/turismopalencia.digital\/wp-content\/uploads\/2022\/02\/3183827886_f949a20ec1.jpg\" alt=\"\" class=\"wp-image-717\" srcset=\"https:\/\/turismopalencia.digital\/wp-content\/uploads\/2022\/02\/3183827886_f949a20ec1.jpg 500w, https:\/\/turismopalencia.digital\/wp-content\/uploads\/2022\/02\/3183827886_f949a20ec1-300x199.jpg 300w, https:\/\/turismopalencia.digital\/wp-content\/uploads\/2022\/02\/3183827886_f949a20ec1-15x10.jpg 15w\" sizes=\"(max-width: 500px) 100vw, 500px\" \/><\/figure>\n<figcaption class=\"blocks-gallery-caption\">Puente de Hierro actualmente<\/figcaption><\/figure>\n\n\n\n<hr class=\"wp-block-separator\"\/>\n\n\n\n<figure class=\"wp-block-gallery has-nested-images columns-default is-cropped\">\n<figure class=\"wp-block-image size-large\"><img loading=\"lazy\" width=\"720\" height=\"469\" data-id=\"719\"  src=\"http:\/\/turismopalencia.digital\/wp-content\/uploads\/2022\/02\/45751438.jpg\" alt=\"\" class=\"wp-image-719\" srcset=\"https:\/\/turismopalencia.digital\/wp-content\/uploads\/2022\/02\/45751438.jpg 720w, https:\/\/turismopalencia.digital\/wp-content\/uploads\/2022\/02\/45751438-300x195.jpg 300w, https:\/\/turismopalencia.digital\/wp-content\/uploads\/2022\/02\/45751438-15x10.jpg 15w\" sizes=\"(max-width: 720px) 100vw, 720px\" \/><\/figure>\n\n\n\n<figure class=\"wp-block-image size-large\"><img loading=\"lazy\" width=\"931\" height=\"593\" data-id=\"720\"  src=\"http:\/\/turismopalencia.digital\/wp-content\/uploads\/2022\/02\/P-Palencia-ph-2.jpg\" alt=\"\" class=\"wp-image-720\" srcset=\"https:\/\/turismopalencia.digital\/wp-content\/uploads\/2022\/02\/P-Palencia-ph-2.jpg 931w, https:\/\/turismopalencia.digital\/wp-content\/uploads\/2022\/02\/P-Palencia-ph-2-300x191.jpg 300w, https:\/\/turismopalencia.digital\/wp-content\/uploads\/2022\/02\/P-Palencia-ph-2-768x489.jpg 768w, https:\/\/turismopalencia.digital\/wp-content\/uploads\/2022\/02\/P-Palencia-ph-2-16x10.jpg 16w\" sizes=\"(max-width: 931px) 100vw, 931px\" \/><\/figure>\n<figcaption class=\"blocks-gallery-caption\">Im\u00e1genes antiguas del Puente de Hierro<\/figcaption><\/figure>\n\n\n\n<hr class=\"wp-block-separator\"\/>\n\n\n\n<figure class=\"wp-block-gallery has-nested-images columns-default is-cropped\">\n<figure class=\"wp-block-image size-large\"><img loading=\"lazy\" width=\"320\" height=\"205\" data-id=\"723\"  src=\"http:\/\/turismopalencia.digital\/wp-content\/uploads\/2022\/02\/5257B7E8-D23F-02E8-2068B60635EA6175.jpg\" alt=\"\" class=\"wp-image-723\" srcset=\"https:\/\/turismopalencia.digital\/wp-content\/uploads\/2022\/02\/5257B7E8-D23F-02E8-2068B60635EA6175.jpg 320w, https:\/\/turismopalencia.digital\/wp-content\/uploads\/2022\/02\/5257B7E8-D23F-02E8-2068B60635EA6175-300x192.jpg 300w, https:\/\/turismopalencia.digital\/wp-content\/uploads\/2022\/02\/5257B7E8-D23F-02E8-2068B60635EA6175-16x10.jpg 16w\" sizes=\"(max-width: 320px) 100vw, 320px\" \/><\/figure>\n\n\n\n<figure class=\"wp-block-image size-large\"><img loading=\"lazy\" width=\"550\" height=\"336\" data-id=\"721\"  src=\"http:\/\/turismopalencia.digital\/wp-content\/uploads\/2022\/02\/25081193.jpg\" alt=\"\" class=\"wp-image-721\" srcset=\"https:\/\/turismopalencia.digital\/wp-content\/uploads\/2022\/02\/25081193.jpg 550w, https:\/\/turismopalencia.digital\/wp-content\/uploads\/2022\/02\/25081193-300x183.jpg 300w, https:\/\/turismopalencia.digital\/wp-content\/uploads\/2022\/02\/25081193-16x10.jpg 16w\" sizes=\"(max-width: 550px) 100vw, 550px\" \/><\/figure>\n\n\n\n<figure class=\"wp-block-image size-large\"><img loading=\"lazy\" width=\"770\" height=\"492\" data-id=\"722\"  src=\"http:\/\/turismopalencia.digital\/wp-content\/uploads\/2022\/02\/1472027596_040510_1472027761_noticia_normal.jpg\" alt=\"\" class=\"wp-image-722\" srcset=\"https:\/\/turismopalencia.digital\/wp-content\/uploads\/2022\/02\/1472027596_040510_1472027761_noticia_normal.jpg 770w, https:\/\/turismopalencia.digital\/wp-content\/uploads\/2022\/02\/1472027596_040510_1472027761_noticia_normal-300x192.jpg 300w, https:\/\/turismopalencia.digital\/wp-content\/uploads\/2022\/02\/1472027596_040510_1472027761_noticia_normal-768x491.jpg 768w, https:\/\/turismopalencia.digital\/wp-content\/uploads\/2022\/02\/1472027596_040510_1472027761_noticia_normal-16x10.jpg 16w\" sizes=\"(max-width: 770px) 100vw, 770px\" \/><\/figure>\n<figcaption class=\"blocks-gallery-caption\">Im\u00e1genes de la construcci\u00f3n del Puente de Hierro<\/figcaption><\/figure>\n\n\n\n<hr class=\"wp-block-separator\"\/>\n\n\n\n<p><strong>Calle Ponce de Leon<\/strong><br><strong>34005 Palencia<\/strong><\/p>\n\n\n\n<hr class=\"wp-block-separator\"\/>\n\n\n\n<div class=\"wp-container-1 wp-block-buttons\">\n<div class=\"wp-block-button\"><a class=\"wp-block-button__link\" href=\"https:\/\/www.google.com\/maps\/place\/Puente+de+Hierro\/@42.004921,-4.5322759,15z\/data=!4m2!3m1!1s0x0:0xe6a6fd99417bc205?sa=X&amp;ved=2ahUKEwjxtKfSron2AhXNlqQKHVM2ApAQ_BJ6BAgfEAU\" target=\"_blank\" rel=\"noreferrer noopener\">C\u00f3mo llegar<\/a><\/div>\n<\/div>\n\n\n\n<hr class=\"wp-block-separator\"\/>\n\n\n\n<hr class=\"wp-block-separator\"\/>\n","protected":false},"excerpt":{"rendered":"<p>Fue mandado construir por el entonces director de Obras P\u00fablicas, Abilio Calder\u00f3n, en 1909.Ah\u00ed hab\u00eda un puente de madera en p\u00e9simas condiciones que,&nbsp;a\u00fan estando cerrado &hellip;<\/p>\n","protected":false},"author":1,"featured_media":1321,"parent":0,"menu_order":0,"comment_status":"closed","ping_status":"closed","template":"","meta":{"_monsterinsights_skip_tracking":false,"_monsterinsights_sitenote_active":false,"_monsterinsights_sitenote_note":"","_monsterinsights_sitenote_category":0},"_links":{"self":[{"href":"https:\/\/turismopalencia.digital\/index.php\/wp-json\/wp\/v2\/pages\/262"}],"collection":[{"href":"https:\/\/turismopalencia.digital\/index.php\/wp-json\/wp\/v2\/pages"}],"about":[{"href":"https:\/\/turismopalencia.digital\/index.php\/wp-json\/wp\/v2\/types\/page"}],"author":[{"embeddable":true,"href":"https:\/\/turismopalencia.digital\/index.php\/wp-json\/wp\/v2\/users\/1"}],"replies":[{"embeddable":true,"href":"https:\/\/turismopalencia.digital\/index.php\/wp-json\/wp\/v2\/comments?post=262"}],"version-history":[{"count":4,"href":"https:\/\/turismopalencia.digital\/index.php\/wp-json\/wp\/v2\/pages\/262\/revisions"}],"predecessor-version":[{"id":1322,"href":"https:\/\/turismopalencia.digital\/index.php\/wp-json\/wp\/v2\/pages\/262\/revisions\/1322"}],"wp:featuredmedia":[{"embeddable":true,"href":"https:\/\/turismopalencia.digital\/index.php\/wp-json\/wp\/v2\/media\/1321"}],"wp:attachment":[{"href":"https:\/\/turismopalencia.digital\/index.php\/wp-json\/wp\/v2\/media?parent=262"}],"curies":[{"name":"wp","href":"https:\/\/api.w.org\/{rel}","templated":true}]}}