{"id":33,"date":"2022-02-17T19:24:02","date_gmt":"2022-02-17T19:24:02","guid":{"rendered":"http:\/\/turismopalencia.digital\/?page_id=33"},"modified":"2023-11-23T12:30:56","modified_gmt":"2023-11-23T12:30:56","slug":"hoteles","status":"publish","type":"page","link":"https:\/\/turismopalencia.digital\/index.php\/hoteles\/","title":{"rendered":"Hoteles"},"content":{"rendered":"\n<hr class=\"wp-block-separator\"\/>\n\n\n\n<h2 id=\"hoteles-recomendados\">HOTELES RECOMENDADOS<\/h2>\n\n\n\n<hr class=\"wp-block-separator\"\/>\n\n\n\n<div class=\"wp-block-media-text alignwide is-stacked-on-mobile\"><figure class=\"wp-block-media-text__media\"><img loading=\"lazy\" width=\"1024\" height=\"1024\" src=\"http:\/\/turismopalencia.digital\/wp-content\/uploads\/2022\/02\/4-estrellas-1024x1024.png\" alt=\"\" class=\"wp-image-805 size-full\" srcset=\"https:\/\/turismopalencia.digital\/wp-content\/uploads\/2022\/02\/4-estrellas-1024x1024.png 1024w, https:\/\/turismopalencia.digital\/wp-content\/uploads\/2022\/02\/4-estrellas-300x300.png 300w, https:\/\/turismopalencia.digital\/wp-content\/uploads\/2022\/02\/4-estrellas-150x150.png 150w, https:\/\/turismopalencia.digital\/wp-content\/uploads\/2022\/02\/4-estrellas-768x768.png 768w, https:\/\/turismopalencia.digital\/wp-content\/uploads\/2022\/02\/4-estrellas-10x10.png 10w, https:\/\/turismopalencia.digital\/wp-content\/uploads\/2022\/02\/4-estrellas.png 1087w\" sizes=\"(max-width: 1024px) 100vw, 1024px\" \/><\/figure><div class=\"wp-block-media-text__content\">\n<p class=\"has-large-font-size\">Hotel Castilla Vieja<\/p>\n\n\n\n<p><strong>En pleno centro de Palencia est\u00e1 enclavado el Hotel Castilla Vieja,<\/strong>&nbsp;<strong>un hotel de cuatro estrellas que dispone de las comodidades necesarias<\/strong>&nbsp;<strong>para una estancia tranquila y sosegada en la ciudad.<\/strong><\/p>\n\n\n\n<p><strong>&nbsp;El Hotel cuenta con dos restaurantes<\/strong>&nbsp;<strong>donde se puede disfrutar de la gastronom\u00eda del lugar<\/strong>&nbsp;<strong>o concertar cenas o reuniones familiares o de empresa,<\/strong>&nbsp;<strong>adem\u00e1s de una cafeter\u00eda para los desayunos.<\/strong><\/p>\n\n\n\n<p><a href=\"https:\/\/www.hotelcastillavieja.com\/\" target=\"_blank\" rel=\"noreferrer noopener\">https:\/\/www.hotelcastillavieja.com\/<\/a><\/p>\n<\/div><\/div>\n\n\n\n<hr class=\"wp-block-separator\"\/>\n\n\n\n<div class=\"wp-block-media-text alignwide is-stacked-on-mobile\"><figure class=\"wp-block-media-text__media\"><img loading=\"lazy\" width=\"225\" height=\"212\" src=\"http:\/\/turismopalencia.digital\/wp-content\/uploads\/2022\/02\/35839758_1678531115534992_8991469589854420992_n.jpg\" alt=\"\" class=\"wp-image-807 size-full\" srcset=\"https:\/\/turismopalencia.digital\/wp-content\/uploads\/2022\/02\/35839758_1678531115534992_8991469589854420992_n.jpg 225w, https:\/\/turismopalencia.digital\/wp-content\/uploads\/2022\/02\/35839758_1678531115534992_8991469589854420992_n-11x10.jpg 11w\" sizes=\"(max-width: 225px) 100vw, 225px\" \/><\/figure><div class=\"wp-block-media-text__content\">\n<p class=\"has-large-font-size\">Hotel Rey Sancho<\/p>\n\n\n\n<p><strong>El Sercotel Hotel Rey Sancho,<\/strong>&nbsp;<strong>en el centro de Palencia y a escasos metros del campo de golf Isla Dos Aguas, es un hotel 4 estrellas confortable ideal para ofrecer<\/strong>&nbsp;<strong>el mejor servicio de alojamiento en la capital castellana.<\/strong><\/p>\n\n\n\n<p><strong>Cuenta con 93 habitaciones renovadas con vistas al centro hist\u00f3rico.<\/strong><\/p>\n\n\n\n<p><strong>El hotel en Palencia dispone de todos los servicios,<\/strong>&nbsp;<strong>incluidos Internet Wifi gratis.<\/strong><\/p>\n\n\n\n<p><strong>Por su ubicaci\u00f3n, es ideal para el turismo.<\/strong><\/p>\n\n\n\n<p><strong>Aunque tambi\u00e9n goza de excelentes instalaciones<\/strong>&nbsp;<strong>&nbsp;para la celebraci\u00f3n de eventos en Palencia.<\/strong><\/p>\n\n\n\n<p><strong>Dispone de toda la tecnolog\u00eda necesaria para que celebrar reuniones con \u00e9xito.<\/strong><\/p>\n\n\n\n<p><a href=\"https:\/\/www.reysancho.com\/\" target=\"_blank\" rel=\"noreferrer noopener\">https:\/\/www.reysancho.com\/<\/a><\/p>\n<\/div><\/div>\n\n\n\n<hr class=\"wp-block-separator\"\/>\n\n\n\n<div class=\"wp-block-media-text alignwide is-stacked-on-mobile\"><figure class=\"wp-block-media-text__media\"><a href=\"https:\/\/okhoteles.es\/\"><img loading=\"lazy\" width=\"264\" height=\"191\" src=\"https:\/\/turismopalencia.digital\/wp-content\/uploads\/2023\/11\/descarga.png\" alt=\"\" class=\"wp-image-1536 size-full\" srcset=\"https:\/\/turismopalencia.digital\/wp-content\/uploads\/2023\/11\/descarga.png 264w, https:\/\/turismopalencia.digital\/wp-content\/uploads\/2023\/11\/descarga-14x10.png 14w\" sizes=\"(max-width: 264px) 100vw, 264px\" \/><\/a><\/figure><div class=\"wp-block-media-text__content\">\n<p class=\"has-large-font-size\">Somos la principal empresa hotelera de\u00a0<strong>Palencia y Venta de Ba\u00f1os<\/strong>. Nuestro compromiso es brindar a nuestros hu\u00e9spedes una experiencia inolvidable y de m\u00e1xima comodidad durante su estad\u00eda en la encantadora ciudad de Palencia. Con orgullo, presentamos nuestras cuatro joyas: el\u00a0<strong>Hotel La Bas\u00edlica y el Hotel Col\u00f3n, los Estudios Plata y Apartamentos RM<\/strong>.<\/p>\n<\/div><\/div>\n\n\n\n<hr class=\"wp-block-separator\"\/>\n\n\n\n<hr class=\"wp-block-separator\"\/>\n\n\n\n<hr class=\"wp-block-separator\"\/>\n\n\n\n<hr class=\"wp-block-separator\"\/>\n\n\n\n<hr class=\"wp-block-separator\"\/>\n","protected":false},"excerpt":{"rendered":"<p>HOTELES RECOMENDADOS Hotel Castilla Vieja En pleno centro de Palencia est\u00e1 enclavado el Hotel Castilla Vieja,&nbsp;un hotel de cuatro estrellas que dispone de las comodidades &hellip;<\/p>\n","protected":false},"author":1,"featured_media":1166,"parent":0,"menu_order":0,"comment_status":"closed","ping_status":"closed","template":"","meta":{"_monsterinsights_skip_tracking":false,"_monsterinsights_sitenote_active":false,"_monsterinsights_sitenote_note":"","_monsterinsights_sitenote_category":0},"_links":{"self":[{"href":"https:\/\/turismopalencia.digital\/index.php\/wp-json\/wp\/v2\/pages\/33"}],"collection":[{"href":"https:\/\/turismopalencia.digital\/index.php\/wp-json\/wp\/v2\/pages"}],"about":[{"href":"https:\/\/turismopalencia.digital\/index.php\/wp-json\/wp\/v2\/types\/page"}],"author":[{"embeddable":true,"href":"https:\/\/turismopalencia.digital\/index.php\/wp-json\/wp\/v2\/users\/1"}],"replies":[{"embeddable":true,"href":"https:\/\/turismopalencia.digital\/index.php\/wp-json\/wp\/v2\/comments?post=33"}],"version-history":[{"count":8,"href":"https:\/\/turismopalencia.digital\/index.php\/wp-json\/wp\/v2\/pages\/33\/revisions"}],"predecessor-version":[{"id":1537,"href":"https:\/\/turismopalencia.digital\/index.php\/wp-json\/wp\/v2\/pages\/33\/revisions\/1537"}],"wp:featuredmedia":[{"embeddable":true,"href":"https:\/\/turismopalencia.digital\/index.php\/wp-json\/wp\/v2\/media\/1166"}],"wp:attachment":[{"href":"https:\/\/turismopalencia.digital\/index.php\/wp-json\/wp\/v2\/media?parent=33"}],"curies":[{"name":"wp","href":"https:\/\/api.w.org\/{rel}","templated":true}]}}